/*  -----------------------------------------------------
/*
/*  Group 13 Insert Data SQL Script
/*  Laura Dippold, Lisa Gebreamlak, Huseyin Karaarslan
/*
/*  -----------------------------------------------------

/*  Insert script for ATTACHMENT_TYPE table  */
INSERT INTO `mydb`.`ATTACHMENT_TYPE` (`AttachmentTypeID`, `AttachmentType`) VALUES ('1', 'photo');
INSERT INTO `mydb`.`ATTACHMENT_TYPE` (`AttachmentTypeID`, `AttachmentType`) VALUES ('2', 'video');
INSERT INTO `mydb`.`ATTACHMENT_TYPE` (`AttachmentTypeID`, `AttachmentType`) VALUES ('3', 'other');


/*  Insert script for BASE_STATION table  */
INSERT INTO `mydb`.`BASE_STATION` (`BaseStationID`, `BaseStationDescription`) VALUES ('1', 'McMillan Airfield Weather Station');


/*  Insert script for CAMPAIGN_FOCUS table  */
INSERT INTO `mydb`.`CAMPAIGN_FOCUS` (`CampaignFocusID`, `CampaignFocus`) VALUES ('1', 'space');
INSERT INTO `mydb`.`CAMPAIGN_FOCUS` (`CampaignFocusID`, `CampaignFocus`) VALUES ('2', 'cyberspace');
INSERT INTO `mydb`.`CAMPAIGN_FOCUS` (`CampaignFocusID`, `CampaignFocus`) VALUES ('3', 'land');
INSERT INTO `mydb`.`CAMPAIGN_FOCUS` (`CampaignFocusID`, `CampaignFocus`) VALUES ('4', 'air');
INSERT INTO `mydb`.`CAMPAIGN_FOCUS` (`CampaignFocusID`, `CampaignFocus`) VALUES ('5', 'sea');
INSERT INTO `mydb`.`CAMPAIGN_FOCUS` (`CampaignFocusID`, `CampaignFocus`) VALUES ('6', 'undersea');


/*  Insert script for DEMO table  */
INSERT INTO `mydb`.`DEMO` (`DemoID`, `DemoValue`) VALUES ('1', 'Demonstration');
INSERT INTO `mydb`.`DEMO` (`DemoID`, `DemoValue`) VALUES ('2', 'Experiment');


/*  Insert script for EXPERIMENT_ATTRIBUTE table  */
INSERT INTO `mydb`.`EXPERIMENT_ATTRIBUTE` (`ExperimentAttributeID`, `ExperimentAttributeValue`) VALUES ('1', 'Physical Size');
INSERT INTO `mydb`.`EXPERIMENT_ATTRIBUTE` (`ExperimentAttributeID`, `ExperimentAttributeValue`) VALUES ('2', 'Physical Weight');
INSERT INTO `mydb`.`EXPERIMENT_ATTRIBUTE` (`ExperimentAttributeID`, `ExperimentAttributeValue`) VALUES ('3', 'Physical Robustness');
INSERT INTO `mydb`.`EXPERIMENT_ATTRIBUTE` (`ExperimentAttributeID`, `ExperimentAttributeValue`) VALUES ('4', 'Physical Security');
INSERT INTO `mydb`.`EXPERIMENT_ATTRIBUTE` (`ExperimentAttributeID`, `ExperimentAttributeValue`) VALUES ('5', 'Power Requirements');
INSERT INTO `mydb`.`EXPERIMENT_ATTRIBUTE` (`ExperimentAttributeID`, `ExperimentAttributeValue`) VALUES ('6', 'Operating Endurance');
INSERT INTO `mydb`.`EXPERIMENT_ATTRIBUTE` (`ExperimentAttributeID`, `ExperimentAttributeValue`) VALUES ('7', 'Resilience to User During Failure Conditions');
INSERT INTO `mydb`.`EXPERIMENT_ATTRIBUTE` (`ExperimentAttributeID`, `ExperimentAttributeValue`) VALUES ('8', 'Speed of Deployment');
INSERT INTO `mydb`.`EXPERIMENT_ATTRIBUTE` (`ExperimentAttributeID`, `ExperimentAttributeValue`) VALUES ('9', 'Usability/Intuitiveness');
INSERT INTO `mydb`.`EXPERIMENT_ATTRIBUTE` (`ExperimentAttributeID`, `ExperimentAttributeValue`) VALUES ('10', 'Training Requirements');
INSERT INTO `mydb`.`EXPERIMENT_ATTRIBUTE` (`ExperimentAttributeID`, `ExperimentAttributeValue`) VALUES ('11', 'Scalability to Multiple Units/Users');
INSERT INTO `mydb`.`EXPERIMENT_ATTRIBUTE` (`ExperimentAttributeID`, `ExperimentAttributeValue`) VALUES ('12', 'Ease of Integration');
INSERT INTO `mydb`.`EXPERIMENT_ATTRIBUTE` (`ExperimentAttributeID`, `ExperimentAttributeValue`) VALUES ('13', 'Ability to Operate in Isolation');
INSERT INTO `mydb`.`EXPERIMENT_ATTRIBUTE` (`ExperimentAttributeID`, `ExperimentAttributeValue`) VALUES ('14', 'Use of Data Network');
INSERT INTO `mydb`.`EXPERIMENT_ATTRIBUTE` (`ExperimentAttributeID`, `ExperimentAttributeValue`) VALUES ('15', 'Data Security');
INSERT INTO `mydb`.`EXPERIMENT_ATTRIBUTE` (`ExperimentAttributeID`, `ExperimentAttributeValue`) VALUES ('16', 'Resilience to Network Failure');
INSERT INTO `mydb`.`EXPERIMENT_ATTRIBUTE` (`ExperimentAttributeID`, `ExperimentAttributeValue`) VALUES ('17', 'Compliance with Existing Standards');
INSERT INTO `mydb`.`EXPERIMENT_ATTRIBUTE` (`ExperimentAttributeID`, `ExperimentAttributeValue`) VALUES ('18', 'Cost of Unit/System');
INSERT INTO `mydb`.`EXPERIMENT_ATTRIBUTE` (`ExperimentAttributeID`, `ExperimentAttributeValue`) VALUES ('19', 'Cost of Installation/Deployment/Training');
INSERT INTO `mydb`.`EXPERIMENT_ATTRIBUTE` (`ExperimentAttributeID`, `ExperimentAttributeValue`) VALUES ('20', 'Other (Specify Below)');


/*  Insert script for EXPERIMENT_TYPE table  */
INSERT INTO `mydb`.`EXPERIMENT_TYPE` (`ExperimentTypeID`, `ExperimentTypeValue`) VALUES ('ad-hoc', 'Ad-Hoc experiment');
INSERT INTO `mydb`.`EXPERIMENT_TYPE` (`ExperimentTypeID`, `ExperimentTypeValue`) VALUES ('A1', 'APEX FVR - Airborne Pursuit and Exploitation Fixed Wing VTOL Rotator - L3 Unmanned Systems & Latitude Engineering');
INSERT INTO `mydb`.`EXPERIMENT_TYPE` (`ExperimentTypeID`, `ExperimentTypeValue`) VALUES ('A2', 'V-BAT - VTOL / Fixed Wing Expeditionary Class I/II UAV - Martin UAV LLC');
INSERT INTO `mydb`.`EXPERIMENT_TYPE` (`ExperimentTypeID`, `ExperimentTypeValue`) VALUES ('A3', 'Endurance testing of the APEX UAS using a new type of LiPo battery - L3 Unmanned Systems');
INSERT INTO `mydb`.`EXPERIMENT_TYPE` (`ExperimentTypeID`, `ExperimentTypeValue`) VALUES ('A4', 'Capability testing of the HDLite payload when integrated on the APEX/Orbiter 3B Unmanned Aircraft - L3 Unmanned Systems');
INSERT INTO `mydb`.`EXPERIMENT_TYPE` (`ExperimentTypeID`, `ExperimentTypeValue`) VALUES ('A5', 'Hydra Fusion Tools for Rapid Airfield Damage Assessment System - Lockheed Martin CDL Systems USA, Inc');
INSERT INTO `mydb`.`EXPERIMENT_TYPE` (`ExperimentTypeID`, `ExperimentTypeValue`) VALUES ('A8', 'Autonomous, multi-micro-UAVs for ISR in Indoor Environments - Shield AI, Inc');
INSERT INTO `mydb`.`EXPERIMENT_TYPE` (`ExperimentTypeID`, `ExperimentTypeValue`) VALUES ('A10', 'Tethered Multi-Rotor System (TMRS)');
INSERT INTO `mydb`.`EXPERIMENT_TYPE` (`ExperimentTypeID`, `ExperimentTypeValue`) VALUES ('B2', 'HOOK3 Combat Survival Radio (CSR) - General Dynamics Mission Systems (GDMS)');
INSERT INTO `mydb`.`EXPERIMENT_TYPE` (`ExperimentTypeID`, `ExperimentTypeValue`) VALUES ('B5', 'Enhanced In Transit Visibility (EITV) Phase II EITIC and IoT Ad Hoc Mesh Network Cross domain Integration - Strategic Mobility 1 Inc');
INSERT INTO `mydb`.`EXPERIMENT_TYPE` (`ExperimentTypeID`, `ExperimentTypeValue`) VALUES ('B8', 'NPSVideo Cloud System - Naval Postgraduate School');
INSERT INTO `mydb`.`EXPERIMENT_TYPE` (`ExperimentTypeID`, `ExperimentTypeValue`) VALUES ('B9', 'Free Space Optical Communications to Support Tactical Maneuvers - NPS Military Wireless Communications Research Group');
INSERT INTO `mydb`.`EXPERIMENT_TYPE` (`ExperimentTypeID`, `ExperimentTypeValue`) VALUES ('C2', 'GO ISP - Compusult Systems Incorporated');
INSERT INTO `mydb`.`EXPERIMENT_TYPE` (`ExperimentTypeID`, `ExperimentTypeValue`) VALUES ('E1', 'Personal Reverse Osmosis Backpack System - Made In Space, Inc');
INSERT INTO `mydb`.`EXPERIMENT_TYPE` (`ExperimentTypeID`, `ExperimentTypeValue`) VALUES ('I1', 'Not Available');
INSERT INTO `mydb`.`EXPERIMENT_TYPE` (`ExperimentTypeID`, `ExperimentTypeValue`) VALUES ('I2', 'Not Available');


/*  Insert script for IMPROVEMENT table  */
INSERT INTO `mydb`.`IMPROVEMENT` (`ImprovementID`, `ImprovementValue`) VALUES ('1', 'Low');
INSERT INTO `mydb`.`IMPROVEMENT` (`ImprovementID`, `ImprovementValue`) VALUES ('2', 'Medium');
INSERT INTO `mydb`.`IMPROVEMENT` (`ImprovementID`, `ImprovementValue`) VALUES ('3', 'High');


/*  Insert script for LOCATION table  */
INSERT INTO `mydb`.`LOCATION` (`LocationID`, `Name`, `City`, `State`, `Zip`, `CountryCode`, `Latitude`, `Longitude`, `Projection`, `AltitudeDepth`) VALUES ('1', 'Camp Roberts', 'Paso Robles', 'CA', '93451', 'USA', '35.7753257', '-120.774063', 'WGS84', '208');


/*  Insert script for ORGANIZATION_TYPE table  */
INSERT INTO `mydb`.`ORGANIZATION_TYPE` (`OrganizationTypeID`, `OrganizationType`) VALUES ('1', 'Academia');
INSERT INTO `mydb`.`ORGANIZATION_TYPE` (`OrganizationTypeID`, `OrganizationType`) VALUES ('2', 'Department of Defense');
INSERT INTO `mydb`.`ORGANIZATION_TYPE` (`OrganizationTypeID`, `OrganizationType`) VALUES ('3', 'Non-profit');
INSERT INTO `mydb`.`ORGANIZATION_TYPE` (`OrganizationTypeID`, `OrganizationType`) VALUES ('4', 'Other (Non-DOD) Federal');
INSERT INTO `mydb`.`ORGANIZATION_TYPE` (`OrganizationTypeID`, `OrganizationType`) VALUES ('5', 'State or Local Government Private Industry');
INSERT INTO `mydb`.`ORGANIZATION_TYPE` (`OrganizationTypeID`, `OrganizationType`) VALUES ('6', 'Representative of a Foreign Government');


/*  Insert script for PARTICIPANT_STATUS table  */
INSERT INTO `mydb`.`PARTICIPANT_STATUS` (`StatusID`, `Status`) VALUES ('1', 'student');
INSERT INTO `mydb`.`PARTICIPANT_STATUS` (`StatusID`, `Status`) VALUES ('2', 'faculty');
INSERT INTO `mydb`.`PARTICIPANT_STATUS` (`StatusID`, `Status`) VALUES ('3', 'contractor');
INSERT INTO `mydb`.`PARTICIPANT_STATUS` (`StatusID`, `Status`) VALUES ('4', 'staff');
INSERT INTO `mydb`.`PARTICIPANT_STATUS` (`StatusID`, `Status`) VALUES ('5', 'other');


/*  Insert script for RFI table  */
INSERT INTO `mydb`.`RFI` (`RfiID`, `RfiValue`) VALUES ('A1', 'Integrated Undersea Surveillance System (IUSS)');
INSERT INTO `mydb`.`RFI` (`RfiID`, `RfiValue`) VALUES ('A2', 'Undersea Mine & IED Mitigation');
INSERT INTO `mydb`.`RFI` (`RfiID`, `RfiValue`) VALUES ('A3', 'Small Vessel Cooperative Identification and Tracking (SVCT) and Non-Cooperative Vessel Imaging and Tracking (NVIT)');
INSERT INTO `mydb`.`RFI` (`RfiID`, `RfiValue`) VALUES ('A4', 'Maritime C4ISR Technologies');
INSERT INTO `mydb`.`RFI` (`RfiID`, `RfiValue`) VALUES ('A5', 'sUAS with Multispectral and Hyperspectral Sensing Capabilities');
INSERT INTO `mydb`.`RFI` (`RfiID`, `RfiValue`) VALUES ('A6', 'Persistent ISR Assets');
INSERT INTO `mydb`.`RFI` (`RfiID`, `RfiValue`) VALUES ('A7', 'Social Media for Situational Awareness');
INSERT INTO `mydb`.`RFI` (`RfiID`, `RfiValue`) VALUES ('A8', 'Digital Characterization/Classification of Maritime Vessels');
INSERT INTO `mydb`.`RFI` (`RfiID`, `RfiValue`) VALUES ('A9', 'SmallPersonal Reconnaissance Devices (PRDs)');
INSERT INTO `mydb`.`RFI` (`RfiID`, `RfiValue`) VALUES ('A10', 'Larger UAS Class I/II');
INSERT INTO `mydb`.`RFI` (`RfiID`, `RfiValue`) VALUES ('A11', 'Rapid Airfield Damage Assessment System (RADAS)');
INSERT INTO `mydb`.`RFI` (`RfiID`, `RfiValue`) VALUES ('B1', 'Near Real-time In-transit Visibility (ITV)');
INSERT INTO `mydb`.`RFI` (`RfiID`, `RfiValue`) VALUES ('B2', 'Maritime Domain Awareness');
INSERT INTO `mydb`.`RFI` (`RfiID`, `RfiValue`) VALUES ('B3', 'Maritime Risk, Threat, Analysis and Resilience');
INSERT INTO `mydb`.`RFI` (`RfiID`, `RfiValue`) VALUES ('B4', 'Secure Communication and Data');
INSERT INTO `mydb`.`RFI` (`RfiID`, `RfiValue`) VALUES ('B5', 'Scalable, Mobile and OTH Digital Communication Networks');
INSERT INTO `mydb`.`RFI` (`RfiID`, `RfiValue`) VALUES ('B6', 'Communication with Unresponsive Aircraft in Restricted Airspace');
INSERT INTO `mydb`.`RFI` (`RfiID`, `RfiValue`) VALUES ('B7', 'Network Security for Hastily Formed and Mobile Ad Hoc Networks');
INSERT INTO `mydb`.`RFI` (`RfiID`, `RfiValue`) VALUES ('B8', 'Location, Tracking and Communication Technologies');
INSERT INTO `mydb`.`RFI` (`RfiID`, `RfiValue`) VALUES ('B9', 'Heads-Up Display Situational Awareness/Tracking/Physiological Monitoring Technologies');
INSERT INTO `mydb`.`RFI` (`RfiID`, `RfiValue`) VALUES ('B10', 'Technologies that provide communication in any environment condition (including through barriers, inside buildings, and underground)');
INSERT INTO `mydb`.`RFI` (`RfiID`, `RfiValue`) VALUES ('B11', 'Improved Situational Awareness and Collaborative Tools/Applications for Synchronized Execution');
INSERT INTO `mydb`.`RFI` (`RfiID`, `RfiValue`) VALUES ('B12', 'Mobility Management Solutions');
INSERT INTO `mydb`.`RFI` (`RfiID`, `RfiValue`) VALUES ('B13', 'Tactical IT architectures');
INSERT INTO `mydb`.`RFI` (`RfiID`, `RfiValue`) VALUES ('B14', 'Fusion and Distribution of Data');
INSERT INTO `mydb`.`RFI` (`RfiID`, `RfiValue`) VALUES ('B15', 'Agile network Architectures');
INSERT INTO `mydb`.`RFI` (`RfiID`, `RfiValue`) VALUES ('B16', 'Distributed Spectrum Management');
INSERT INTO `mydb`.`RFI` (`RfiID`, `RfiValue`) VALUES ('B17', 'Tracking solutions for GPS denied environment');
INSERT INTO `mydb`.`RFI` (`RfiID`, `RfiValue`) VALUES ('B18', 'Command and Control Optimization, Modeling and Simulation');
INSERT INTO `mydb`.`RFI` (`RfiID`, `RfiValue`) VALUES ('B19', 'Global Access Technologies');
INSERT INTO `mydb`.`RFI` (`RfiID`, `RfiValue`) VALUES ('B20', 'Information Exchange and Communication between Disparate Organizations');
INSERT INTO `mydb`.`RFI` (`RfiID`, `RfiValue`) VALUES ('B21', 'Non-combatant Evacuation Operations (NEO)');
INSERT INTO `mydb`.`RFI` (`RfiID`, `RfiValue`) VALUES ('B22', 'Interoperable Communication Solutions in Network Denied Disaster Response Environments');
INSERT INTO `mydb`.`RFI` (`RfiID`, `RfiValue`) VALUES ('B23', 'Maritime Common Operating Picture');
INSERT INTO `mydb`.`RFI` (`RfiID`, `RfiValue`) VALUES ('B24', 'Untethered, underwater communication systems');
INSERT INTO `mydb`.`RFI` (`RfiID`, `RfiValue`) VALUES ('B25', 'Signature Reductions and Management');
INSERT INTO `mydb`.`RFI` (`RfiID`, `RfiValue`) VALUES ('B26', 'Improved Power and Antennas for Unmanned Aerial Systems (UAS)');
INSERT INTO `mydb`.`RFI` (`RfiID`, `RfiValue`) VALUES ('B27', 'Air to Ground Communication Hardware');
INSERT INTO `mydb`.`RFI` (`RfiID`, `RfiValue`) VALUES ('B28', 'Technologies Supporting Swarm and Counter-Swarm Unmanned and Autonomous Systems (UAS)');
INSERT INTO `mydb`.`RFI` (`RfiID`, `RfiValue`) VALUES ('B29', 'Big Data Computing Architectures');
INSERT INTO `mydb`.`RFI` (`RfiID`, `RfiValue`) VALUES ('B30', 'Combat Survival Radios');
INSERT INTO `mydb`.`RFI` (`RfiID`, `RfiValue`) VALUES ('C1', 'Mobile Data Collection during Disaster Response Operations');
INSERT INTO `mydb`.`RFI` (`RfiID`, `RfiValue`) VALUES ('C2', 'Cellular Strength Mapping in Disaster Environments');
INSERT INTO `mydb`.`RFI` (`RfiID`, `RfiValue`) VALUES ('D1', 'Exploitation of Data Links');
INSERT INTO `mydb`.`RFI` (`RfiID`, `RfiValue`) VALUES ('D2', 'Electromagnetic Battle Management (EMBM)');
INSERT INTO `mydb`.`RFI` (`RfiID`, `RfiValue`) VALUES ('D3', 'Lightweight, Active, Selective Jamming Payloads for Unmanned Systems');
INSERT INTO `mydb`.`RFI` (`RfiID`, `RfiValue`) VALUES ('E1', 'Deployed Infrastructure Building and Maintenance');
INSERT INTO `mydb`.`RFI` (`RfiID`, `RfiValue`) VALUES ('E2', 'Deployable Lighting Technologies');
INSERT INTO `mydb`.`RFI` (`RfiID`, `RfiValue`) VALUES ('E3', 'Energy efficiencies');
INSERT INTO `mydb`.`RFI` (`RfiID`, `RfiValue`) VALUES ('E4', 'Water Generation and Purification Systems');
INSERT INTO `mydb`.`RFI` (`RfiID`, `RfiValue`) VALUES ('E5', 'Safe (non-propagation/non-flammable) Lithium batteries');
INSERT INTO `mydb`.`RFI` (`RfiID`, `RfiValue`) VALUES ('F', 'Detection and Measurement of Chemical or Biological Agents in Aerial Plumes');
INSERT INTO `mydb`.`RFI` (`RfiID`, `RfiValue`) VALUES ('G1', 'Targeting Technologies for Faster, More Precise Engagements');
INSERT INTO `mydb`.`RFI` (`RfiID`, `RfiValue`) VALUES ('G2', 'Integrated Personal Protective Equipment');
INSERT INTO `mydb`.`RFI` (`RfiID`, `RfiValue`) VALUES ('G3', 'Warfighter Performance Enhancements');
INSERT INTO `mydb`.`RFI` (`RfiID`, `RfiValue`) VALUES ('H', 'Improved Life-support During Patient Evacuation');
INSERT INTO `mydb`.`RFI` (`RfiID`, `RfiValue`) VALUES ('I1', 'Light Aerial Combat Vehicle');
INSERT INTO `mydb`.`RFI` (`RfiID`, `RfiValue`) VALUES ('I2', 'Next generation Combat Rubber Raiding Craft (CRRC)');
INSERT INTO `mydb`.`RFI` (`RfiID`, `RfiValue`) VALUES ('J1', 'Land domain Non-Lethal/Scalable Effects Engagement');
INSERT INTO `mydb`.`RFI` (`RfiID`, `RfiValue`) VALUES ('J2', 'Maritime domain Non-Lethal/Scalable Effects Engagement');
INSERT INTO `mydb`.`RFI` (`RfiID`, `RfiValue`) VALUES ('J3', 'Air domain Non-Lethal/Scalable Effects Engagement');
INSERT INTO `mydb`.`RFI` (`RfiID`, `RfiValue`) VALUES ('J4', 'Canine Deterrent');
INSERT INTO `mydb`.`RFI` (`RfiID`, `RfiValue`) VALUES ('K', 'Precision Guided Engagement');


/*  Insert script for SENSOR_TYPE table  */
INSERT INTO `mydb`.`SENSOR_TYPE` (`SensorTypeID`, `SensorType`) VALUES ('1', 'light');
INSERT INTO `mydb`.`SENSOR_TYPE` (`SensorTypeID`, `SensorType`) VALUES ('2', 'air');
INSERT INTO `mydb`.`SENSOR_TYPE` (`SensorTypeID`, `SensorType`) VALUES ('3', 'speed');
INSERT INTO `mydb`.`SENSOR_TYPE` (`SensorTypeID`, `SensorType`) VALUES ('4', 'photo');
INSERT INTO `mydb`.`SENSOR_TYPE` (`SensorTypeID`, `SensorType`) VALUES ('5', 'video');
INSERT INTO `mydb`.`SENSOR_TYPE` (`SensorTypeID`, `SensorType`) VALUES ('6', 'location');
INSERT INTO `mydb`.`SENSOR_TYPE` (`SensorTypeID`, `SensorType`) VALUES ('7', 'other');


/*  Insert script for VEHICLE_TYPE table  */
INSERT INTO `mydb`.`VEHICLE_TYPE` (`VehicleTypeID`, `VehicleType`) VALUES ('1', 'land');
INSERT INTO `mydb`.`VEHICLE_TYPE` (`VehicleTypeID`, `VehicleType`) VALUES ('2', 'air');
INSERT INTO `mydb`.`VEHICLE_TYPE` (`VehicleTypeID`, `VehicleType`) VALUES ('3', 'above sea');
INSERT INTO `mydb`.`VEHICLE_TYPE` (`VehicleTypeID`, `VehicleType`) VALUES ('4', 'below sea');
INSERT INTO `mydb`.`VEHICLE_TYPE` (`VehicleTypeID`, `VehicleType`) VALUES ('5', 'other');


/*  Insert script for CAMPAIGN table  */
INSERT INTO `mydb`.`CAMPAIGN` (`CampaignID`, `LOCATION_LocationID`, `StartDate`, `EndDate`, `CampaignName`, `CampaignDescription`) VALUES ('1', '1', '3/2/16', '3/6/16', 'Joint Interagency Field Experimentation (JIFX) 16-3', 'Lorem ipsum dolor sit amet, consectetur adipiscing elit. Maecenas ac risus ut est accumsan cursus vel a justo. Suspendisse eleifend metus quis condimentum dictum. Praesent elementum dictum ante in euismod. Cras maximus arcu fringilla metus vulputate, a sollicitudin nisi eleifend. Integer at erat non quam malesuada efficitur lobortis in lacus. In maximus ut ex sed ultricies. Integer efficitur eleifend ultrices.');
INSERT INTO `mydb`.`CAMPAIGN` (`CampaignID`, `LOCATION_LocationID`, `StartDate`, `EndDate`, `CampaignName`, `CampaignDescription`) VALUES ('2', '1', '8/8/16', '8/11/16', 'Joint Interagency Field Experimentation (JIFX) 16-4', 'The robodata project is collecting telemetry and mission information from a wide variety of robots at the Joint Interagency Field Experimentation (JIFX) event being held at Camp Roberts, CA 8-11 August 2016.  \r\rProject Website:  https://my.nps.edu/web/robodata\rRobodata Repository:  https://robodata.ern.nps.edu\rReference:  http://stoqs.mbari.org');
INSERT INTO `mydb`.`CAMPAIGN` (`CampaignID`, `LOCATION_LocationID`, `StartDate`, `EndDate`, `CampaignName`, `CampaignDescription`) VALUES ('3', '1', '11/7/16', '11/11/16', 'Joint Interagency Field Experimentation (JIFX) 17-1', 'Lorem ipsum dolor sit amet, consectetur adipiscing elit. Maecenas ac risus ut est accumsan cursus vel a justo. Suspendisse eleifend metus quis condimentum dictum. Praesent elementum dictum ante in euismod. Cras maximus arcu fringilla metus vulputate, a sollicitudin nisi eleifend. Integer at erat non quam malesuada efficitur lobortis in lacus. In maximus ut ex sed ultricies. Integer efficitur eleifend ultrices.');


/*  Insert script for CAMPAIGN_has_CAMPAIGN_FOCUS table  */
INSERT INTO `mydb`.`CAMPAIGN_has_CAMPAIGN_FOCUS` (`CAMPAIGN_CampaignID`, `CAMPAIGN_FOCUS_CampaignFocusID`) VALUES ('1', '3');
INSERT INTO `mydb`.`CAMPAIGN_has_CAMPAIGN_FOCUS` (`CAMPAIGN_CampaignID`, `CAMPAIGN_FOCUS_CampaignFocusID`) VALUES ('1', '4');
INSERT INTO `mydb`.`CAMPAIGN_has_CAMPAIGN_FOCUS` (`CAMPAIGN_CampaignID`, `CAMPAIGN_FOCUS_CampaignFocusID`) VALUES ('2', '3');
INSERT INTO `mydb`.`CAMPAIGN_has_CAMPAIGN_FOCUS` (`CAMPAIGN_CampaignID`, `CAMPAIGN_FOCUS_CampaignFocusID`) VALUES ('2', '4');
INSERT INTO `mydb`.`CAMPAIGN_has_CAMPAIGN_FOCUS` (`CAMPAIGN_CampaignID`, `CAMPAIGN_FOCUS_CampaignFocusID`) VALUES ('3', '3');


/*  Insert script for PARTICIPANTS  */
INSERT INTO `mydb`.`PARTICIPANTS` (`ParticipantID`, `FirstName`, `LastName`, `EmailAddress`, `WorkPhoneNumber`, `CellPhoneNumber`, `ShareInformation`, `ORGANIZATION_TYPE_OrganizationTypeID`, `Organization`, `RantTitle`, `BusinessAddress`, `City`, `State`, `Zip`, `Country`, `PARTICIPANT_STATUS_StatusID`) VALUES ('1', 'Test', 'User 1', 'testuser1@nps.edu', '8316561000', '8313941000', '0', '2', 'Naval Postgraduate School', 'LT (USN)', '1 University Circle', 'Monterey', 'CA', '93943', 'USA', '1');
INSERT INTO `mydb`.`PARTICIPANTS` (`ParticipantID`, `FirstName`, `LastName`, `EmailAddress`, `WorkPhoneNumber`, `CellPhoneNumber`, `ShareInformation`, `ORGANIZATION_TYPE_OrganizationTypeID`, `Organization`, `RantTitle`, `BusinessAddress`, `City`, `State`, `Zip`, `Country`, `PARTICIPANT_STATUS_StatusID`) VALUES ('2', 'Test', 'User 2', 'testuser2@nps.edu', '8316561001', '8313941001', '0', '2', 'Naval Postgraduate School', 'CAPT (USN)', '1 University Circle', 'Monterey', 'CA', '93943', 'USA', '1');
INSERT INTO `mydb`.`PARTICIPANTS` (`ParticipantID`, `FirstName`, `LastName`, `EmailAddress`, `WorkPhoneNumber`, `CellPhoneNumber`, `ShareInformation`, `ORGANIZATION_TYPE_OrganizationTypeID`, `Organization`, `RantTitle`, `BusinessAddress`, `City`, `State`, `Zip`, `Country`, `PARTICIPANT_STATUS_StatusID`) VALUES ('3', 'Test', 'User 3', 'testuser3@nps.edu', '8316561002', '8313941002', '1', '2', 'Naval Postgraduate School', 'GS12', '1 University Circle', 'Monterey', 'CA', '93943', 'USA', '4');
INSERT INTO `mydb`.`PARTICIPANTS` (`ParticipantID`, `FirstName`, `LastName`, `EmailAddress`, `WorkPhoneNumber`, `CellPhoneNumber`, `ShareInformation`, `ORGANIZATION_TYPE_OrganizationTypeID`, `Organization`, `RantTitle`, `BusinessAddress`, `City`, `State`, `Zip`, `Country`, `PARTICIPANT_STATUS_StatusID`) VALUES ('4', 'Test', 'User 4', 'testuser4@nps.edu', '8316561003', '8313941003', '1', '2', 'Naval Postgraduate School', 'AD7', '1 University Circle', 'Monterey', 'CA', '93943', 'USA', '2');
INSERT INTO `mydb`.`PARTICIPANTS` (`ParticipantID`, `FirstName`, `LastName`, `EmailAddress`, `WorkPhoneNumber`, `CellPhoneNumber`, `ShareInformation`, `ORGANIZATION_TYPE_OrganizationTypeID`, `Organization`, `RantTitle`, `BusinessAddress`, `City`, `State`, `Zip`, `Country`, `PARTICIPANT_STATUS_StatusID`) VALUES ('5', 'Test', 'User 5', 'testuser5@nps.edu', '8316561004', '8313941004', '0', '2', 'Naval Postgraduate School', 'LT (USN)', '1 University Circle', 'Monterey', 'CA', '93943', 'USA', '1');
INSERT INTO `mydb`.`PARTICIPANTS` (`ParticipantID`, `FirstName`, `LastName`, `EmailAddress`, `WorkPhoneNumber`, `CellPhoneNumber`, `ShareInformation`, `ORGANIZATION_TYPE_OrganizationTypeID`, `Organization`, `RantTitle`, `BusinessAddress`, `City`, `State`, `Zip`, `Country`, `PARTICIPANT_STATUS_StatusID`) VALUES ('6', 'Test', 'User 6', 'testuser6@nps.edu', '8316561005', '8313941005', '0', '2', 'Naval Postgraduate School', 'GS09', '1 University Circle', 'Monterey', 'CA', '93943', 'USA', '4');
INSERT INTO `mydb`.`PARTICIPANTS` (`ParticipantID`, `FirstName`, `LastName`, `EmailAddress`, `WorkPhoneNumber`, `CellPhoneNumber`, `ShareInformation`, `ORGANIZATION_TYPE_OrganizationTypeID`, `Organization`, `RantTitle`, `BusinessAddress`, `City`, `State`, `Zip`, `Country`, `PARTICIPANT_STATUS_StatusID`) VALUES ('7', 'Test', 'User 7', 'testuser7@nps.edu', '8316561006', '8313941006', '0', '2', 'Naval Postgraduate School', 'GS09', '1 University Circle', 'Monterey', 'CA', '93943', 'USA', '4');
INSERT INTO `mydb`.`PARTICIPANTS` (`ParticipantID`, `FirstName`, `LastName`, `EmailAddress`, `WorkPhoneNumber`, `CellPhoneNumber`, `ShareInformation`, `ORGANIZATION_TYPE_OrganizationTypeID`, `Organization`, `RantTitle`, `BusinessAddress`, `City`, `State`, `Zip`, `Country`, `PARTICIPANT_STATUS_StatusID`) VALUES ('8', 'Test', 'User 8', 'testuser8@nps.edu', '8316561007', '8313941007', '1', '2', 'Naval Postgraduate School', 'AD5', '1 University Circle', 'Monterey', 'CA', '93943', 'USA', '2');
INSERT INTO `mydb`.`PARTICIPANTS` (`ParticipantID`, `FirstName`, `LastName`, `EmailAddress`, `WorkPhoneNumber`, `CellPhoneNumber`, `ShareInformation`, `ORGANIZATION_TYPE_OrganizationTypeID`, `Organization`, `RantTitle`, `BusinessAddress`, `City`, `State`, `Zip`, `Country`, `PARTICIPANT_STATUS_StatusID`) VALUES ('9', 'Test', 'User 9', 'testuser9@nps.edu', '8316561008', '8313941008', '1', '2', 'Naval Postgraduate School', 'AD5', '1 University Circle', 'Monterey', 'CA', '93943', 'USA', '2');
INSERT INTO `mydb`.`PARTICIPANTS` (`ParticipantID`, `FirstName`, `LastName`, `EmailAddress`, `WorkPhoneNumber`, `CellPhoneNumber`, `ShareInformation`, `ORGANIZATION_TYPE_OrganizationTypeID`, `Organization`, `RantTitle`, `BusinessAddress`, `City`, `State`, `Zip`, `Country`, `PARTICIPANT_STATUS_StatusID`) VALUES ('10', 'Test', 'User 10', 'testuser10@nps.edu', '8316561009', '8313941009', '1', '2', 'Naval Postgraduate School', 'AD7', '1 University Circle', 'Monterey', 'CA', '93943', 'USA', '2');
INSERT INTO `mydb`.`PARTICIPANTS` (`ParticipantID`, `FirstName`, `LastName`, `EmailAddress`, `WorkPhoneNumber`, `CellPhoneNumber`, `ShareInformation`, `ORGANIZATION_TYPE_OrganizationTypeID`, `Organization`, `RantTitle`, `BusinessAddress`, `City`, `State`, `Zip`, `Country`, `PARTICIPANT_STATUS_StatusID`) VALUES ('11', 'Test', 'User 11', 'testuser11@nps.edu', '8316561010', '8313941010', '0', '2', 'Naval Postgraduate School', 'LT (USN)', '1 University Circle', 'Monterey', 'CA', '93943', 'USA', '1');
INSERT INTO `mydb`.`PARTICIPANTS` (`ParticipantID`, `FirstName`, `LastName`, `EmailAddress`, `WorkPhoneNumber`, `CellPhoneNumber`, `ShareInformation`, `ORGANIZATION_TYPE_OrganizationTypeID`, `Organization`, `RantTitle`, `BusinessAddress`, `City`, `State`, `Zip`, `Country`, `PARTICIPANT_STATUS_StatusID`) VALUES ('12', 'Test', 'User 12', 'testuser12@nps.edu', '8316561011', '8313941011', '0', '2', 'Naval Postgraduate School', 'LT (USN)', '1 University Circle', 'Monterey', 'CA', '93943', 'USA', '1');
INSERT INTO `mydb`.`PARTICIPANTS` (`ParticipantID`, `FirstName`, `LastName`, `EmailAddress`, `WorkPhoneNumber`, `CellPhoneNumber`, `ShareInformation`, `ORGANIZATION_TYPE_OrganizationTypeID`, `Organization`, `RantTitle`, `BusinessAddress`, `City`, `State`, `Zip`, `Country`, `PARTICIPANT_STATUS_StatusID`) VALUES ('13', 'Test', 'User 13', 'testuser13@nps.edu', '8316561012', '8313941012', '0', '2', 'Naval Postgraduate School', 'LT (USN)', '1 University Circle', 'Monterey', 'CA', '93943', 'USA', '1');
INSERT INTO `mydb`.`PARTICIPANTS` (`ParticipantID`, `FirstName`, `LastName`, `EmailAddress`, `WorkPhoneNumber`, `CellPhoneNumber`, `ShareInformation`, `ORGANIZATION_TYPE_OrganizationTypeID`, `Organization`, `RantTitle`, `BusinessAddress`, `City`, `State`, `Zip`, `Country`, `PARTICIPANT_STATUS_StatusID`) VALUES ('14', 'Test', 'User 14', 'testuser14@nps.edu', '8316561013', '8313941013', '0', '2', 'Naval Postgraduate School', 'Lt. Col. (USA)', '1 University Circle', 'Monterey', 'CA', '93943', 'USA', '1');
INSERT INTO `mydb`.`PARTICIPANTS` (`ParticipantID`, `FirstName`, `LastName`, `EmailAddress`, `WorkPhoneNumber`, `CellPhoneNumber`, `ShareInformation`, `ORGANIZATION_TYPE_OrganizationTypeID`, `Organization`, `RantTitle`, `BusinessAddress`, `City`, `State`, `Zip`, `Country`, `PARTICIPANT_STATUS_StatusID`) VALUES ('15', 'Test', 'User 15', 'testuser15@nps.edu', '8316561014', '8313941014', '0', '2', 'Naval Postgraduate School', 'Col. (USMC)', '1 University Circle', 'Monterey', 'CA', '93943', 'USA', '1');


/*  Insert script for EXPERIMENT table  */
INSERT INTO `mydb`.`EXPERIMENT` (`ExperimentID`, `CAMPAIGN_CampaignID`, `EXPERIMENT_TYPE_ExperimentTypeID`, `EXPERIMENT_ATTRIBUTE_ExperimentAttributeID`, `ExperimentAttributeDesc`, `ExperimentDescription`, `ExperimentOutcome`) VALUES ('1', '2', 'I1', '8', 'Ability to assemble and use device for recon', 'Test land-based vehicle assembly and deployment in the field', 'To show that small vehicles are easily portable and assembled in the field');
INSERT INTO `mydb`.`EXPERIMENT` (`ExperimentID`, `CAMPAIGN_CampaignID`, `EXPERIMENT_TYPE_ExperimentTypeID`, `EXPERIMENT_ATTRIBUTE_ExperimentAttributeID`, `ExperimentAttributeDesc`, `ExperimentDescription`, `ExperimentOutcome`) VALUES ('2', '2', 'I1', '2', 'Test weight capabilities of land vehicle', 'Large weight capabilities in a small package', 'To demonstrate weight transport capabilities of Dusty');
INSERT INTO `mydb`.`EXPERIMENT` (`ExperimentID`, `CAMPAIGN_CampaignID`, `EXPERIMENT_TYPE_ExperimentTypeID`, `EXPERIMENT_ATTRIBUTE_ExperimentAttributeID`, `ExperimentAttributeDesc`, `ExperimentDescription`, `ExperimentOutcome`) VALUES ('3', '3', 'I2', '11', 'Small swarm testing', 'Mini-swarm 2017', 'Small swarm vehicle interoperability');
INSERT INTO `mydb`.`EXPERIMENT` (`ExperimentID`, `CAMPAIGN_CampaignID`, `EXPERIMENT_TYPE_ExperimentTypeID`, `EXPERIMENT_ATTRIBUTE_ExperimentAttributeID`, `ExperimentAttributeDesc`, `ExperimentDescription`, `ExperimentOutcome`) VALUES ('4', '1', 'I1', '8', 'VTOL of small UAVs', 'Testing different versions of VTOL set-ups on UAVs', 'Expect testing to show that small UAV capabilities in regards to VTOL are possible in the field');
INSERT INTO `mydb`.`EXPERIMENT` (`ExperimentID`, `CAMPAIGN_CampaignID`, `EXPERIMENT_TYPE_ExperimentTypeID`, `EXPERIMENT_ATTRIBUTE_ExperimentAttributeID`, `ExperimentAttributeDesc`, `ExperimentDescription`, `ExperimentOutcome`) VALUES ('5', '1', 'I1', '18', 'Damage Assessment Systems', 'TBD', 'TBD');
INSERT INTO `mydb`.`EXPERIMENT` (`ExperimentID`, `CAMPAIGN_CampaignID`, `EXPERIMENT_TYPE_ExperimentTypeID`, `EXPERIMENT_ATTRIBUTE_ExperimentAttributeID`, `ExperimentAttributeDesc`, `ExperimentDescription`, `ExperimentOutcome`) VALUES ('6', '2', 'I2', '6', 'Battery power testing in UAVs', 'Testing multiple battery set-ups for longevity', 'To help assess systems for the future');
INSERT INTO `mydb`.`EXPERIMENT` (`ExperimentID`, `CAMPAIGN_CampaignID`, `EXPERIMENT_TYPE_ExperimentTypeID`, `EXPERIMENT_ATTRIBUTE_ExperimentAttributeID`, `ExperimentAttributeDesc`, `ExperimentDescription`, `ExperimentOutcome`) VALUES ('7', '2', 'I1', '9', 'Small swarm testing', 'Mini-swarm 2017', 'Small swarm vehicle testing for usability and intuitiveness of operations');
INSERT INTO `mydb`.`EXPERIMENT` (`ExperimentID`, `CAMPAIGN_CampaignID`, `EXPERIMENT_TYPE_ExperimentTypeID`, `EXPERIMENT_ATTRIBUTE_ExperimentAttributeID`, `ExperimentAttributeDesc`, `ExperimentDescription`, `ExperimentOutcome`) VALUES ('8', '3', 'I1', '9', 'VTOL integration on other UAVs', 'Installing various VTOL technologies on new UAVs', 'Using results from past experiments to apply VTOL capabilities and technologies on other UAVs to prove interoperability');
INSERT INTO `mydb`.`EXPERIMENT` (`ExperimentID`, `CAMPAIGN_CampaignID`, `EXPERIMENT_TYPE_ExperimentTypeID`, `EXPERIMENT_ATTRIBUTE_ExperimentAttributeID`, `ExperimentAttributeDesc`, `ExperimentDescription`, `ExperimentOutcome`) VALUES ('9', '3', 'I2', '13', 'Disconnected vehicle operations', 'Can swarm vehicles operate if disconnected from the others', 'Testing to see recovery abilities of swarm members who become disconnected from the group');
INSERT INTO `mydb`.`EXPERIMENT` (`ExperimentID`, `CAMPAIGN_CampaignID`, `EXPERIMENT_TYPE_ExperimentTypeID`, `EXPERIMENT_ATTRIBUTE_ExperimentAttributeID`, `ExperimentAttributeDesc`, `ExperimentDescription`, `ExperimentOutcome`) VALUES ('10', '3', 'I2', '15', 'Hacking the swarm', 'Can swarms be hacked while operating', 'Testing to ensure cyber security measures of the swarm stay intact during operation');


/*  Insert script for EXPERIMENT_has_PARTICIPANTS table  */
INSERT INTO `mydb`.`EXPERIMENT_has_PARTICIPANTS` (`EXPERIMENT_ExperimentID`, `PARTICIPANTS_ParticipantID`) VALUES ('1', '1');
INSERT INTO `mydb`.`EXPERIMENT_has_PARTICIPANTS` (`EXPERIMENT_ExperimentID`, `PARTICIPANTS_ParticipantID`) VALUES ('1', '2');
INSERT INTO `mydb`.`EXPERIMENT_has_PARTICIPANTS` (`EXPERIMENT_ExperimentID`, `PARTICIPANTS_ParticipantID`) VALUES ('2', '3');
INSERT INTO `mydb`.`EXPERIMENT_has_PARTICIPANTS` (`EXPERIMENT_ExperimentID`, `PARTICIPANTS_ParticipantID`) VALUES ('3', '3');
INSERT INTO `mydb`.`EXPERIMENT_has_PARTICIPANTS` (`EXPERIMENT_ExperimentID`, `PARTICIPANTS_ParticipantID`) VALUES ('3', '4');
INSERT INTO `mydb`.`EXPERIMENT_has_PARTICIPANTS` (`EXPERIMENT_ExperimentID`, `PARTICIPANTS_ParticipantID`) VALUES ('3', '5');
INSERT INTO `mydb`.`EXPERIMENT_has_PARTICIPANTS` (`EXPERIMENT_ExperimentID`, `PARTICIPANTS_ParticipantID`) VALUES ('4', '3');
INSERT INTO `mydb`.`EXPERIMENT_has_PARTICIPANTS` (`EXPERIMENT_ExperimentID`, `PARTICIPANTS_ParticipantID`) VALUES ('4', '6');
INSERT INTO `mydb`.`EXPERIMENT_has_PARTICIPANTS` (`EXPERIMENT_ExperimentID`, `PARTICIPANTS_ParticipantID`) VALUES ('4', '7');
INSERT INTO `mydb`.`EXPERIMENT_has_PARTICIPANTS` (`EXPERIMENT_ExperimentID`, `PARTICIPANTS_ParticipantID`) VALUES ('5', '4');
INSERT INTO `mydb`.`EXPERIMENT_has_PARTICIPANTS` (`EXPERIMENT_ExperimentID`, `PARTICIPANTS_ParticipantID`) VALUES ('6', '8');
INSERT INTO `mydb`.`EXPERIMENT_has_PARTICIPANTS` (`EXPERIMENT_ExperimentID`, `PARTICIPANTS_ParticipantID`) VALUES ('6', '9');
INSERT INTO `mydb`.`EXPERIMENT_has_PARTICIPANTS` (`EXPERIMENT_ExperimentID`, `PARTICIPANTS_ParticipantID`) VALUES ('6', '10');
INSERT INTO `mydb`.`EXPERIMENT_has_PARTICIPANTS` (`EXPERIMENT_ExperimentID`, `PARTICIPANTS_ParticipantID`) VALUES ('7', '4');
INSERT INTO `mydb`.`EXPERIMENT_has_PARTICIPANTS` (`EXPERIMENT_ExperimentID`, `PARTICIPANTS_ParticipantID`) VALUES ('7', '11');
INSERT INTO `mydb`.`EXPERIMENT_has_PARTICIPANTS` (`EXPERIMENT_ExperimentID`, `PARTICIPANTS_ParticipantID`) VALUES ('8', '12');
INSERT INTO `mydb`.`EXPERIMENT_has_PARTICIPANTS` (`EXPERIMENT_ExperimentID`, `PARTICIPANTS_ParticipantID`) VALUES ('9', '13');
INSERT INTO `mydb`.`EXPERIMENT_has_PARTICIPANTS` (`EXPERIMENT_ExperimentID`, `PARTICIPANTS_ParticipantID`) VALUES ('10', '7');
INSERT INTO `mydb`.`EXPERIMENT_has_PARTICIPANTS` (`EXPERIMENT_ExperimentID`, `PARTICIPANTS_ParticipantID`) VALUES ('10', '13');
INSERT INTO `mydb`.`EXPERIMENT_has_PARTICIPANTS` (`EXPERIMENT_ExperimentID`, `PARTICIPANTS_ParticipantID`) VALUES ('10', '14');
INSERT INTO `mydb`.`EXPERIMENT_has_PARTICIPANTS` (`EXPERIMENT_ExperimentID`, `PARTICIPANTS_ParticipantID`) VALUES ('10', '15');


/*  Insert script for VEHICLES table  */
INSERT INTO `mydb`.`VEHICLE` (`VehicleID`, `VehicleName`, `VEHICLE_TYPE_VehicleTypeID`) VALUES ('1', 'Speedy1', '1');
INSERT INTO `mydb`.`VEHICLE` (`VehicleID`, `VehicleName`, `VEHICLE_TYPE_VehicleTypeID`) VALUES ('2', 'Dusty1', '1');
INSERT INTO `mydb`.`VEHICLE` (`VehicleID`, `VehicleName`, `VEHICLE_TYPE_VehicleTypeID`) VALUES ('3', 'Swarm1', '2');
INSERT INTO `mydb`.`VEHICLE` (`VehicleID`, `VehicleName`, `VEHICLE_TYPE_VehicleTypeID`) VALUES ('4', 'Swarm2', '2');
INSERT INTO `mydb`.`VEHICLE` (`VehicleID`, `VehicleName`, `VEHICLE_TYPE_VehicleTypeID`) VALUES ('5', 'Swarm3', '2');
INSERT INTO `mydb`.`VEHICLE` (`VehicleID`, `VehicleName`, `VEHICLE_TYPE_VehicleTypeID`) VALUES ('6', 'UAV1', '2');
INSERT INTO `mydb`.`VEHICLE` (`VehicleID`, `VehicleName`, `VEHICLE_TYPE_VehicleTypeID`) VALUES ('7', 'UAV2', '2');
INSERT INTO `mydb`.`VEHICLE` (`VehicleID`, `VehicleName`, `VEHICLE_TYPE_VehicleTypeID`) VALUES ('8', 'UAV3', '2');
INSERT INTO `mydb`.`VEHICLE` (`VehicleID`, `VehicleName`, `VEHICLE_TYPE_VehicleTypeID`) VALUES ('9', 'Dusty2', '1');
INSERT INTO `mydb`.`VEHICLE` (`VehicleID`, `VehicleName`, `VEHICLE_TYPE_VehicleTypeID`) VALUES ('10', 'Dusty3', '1');
INSERT INTO `mydb`.`VEHICLE` (`VehicleID`, `VehicleName`, `VEHICLE_TYPE_VehicleTypeID`) VALUES ('11', 'Speedy2', '1');
INSERT INTO `mydb`.`VEHICLE` (`VehicleID`, `VehicleName`, `VEHICLE_TYPE_VehicleTypeID`) VALUES ('12', 'Speedy3', '1');
INSERT INTO `mydb`.`VEHICLE` (`VehicleID`, `VehicleName`, `VEHICLE_TYPE_VehicleTypeID`) VALUES ('13', 'Dusty4', '1');


/*  Insert script for SENSORS table  */
INSERT INTO `mydb`.`SENSORS` (`SensorID`, `BASE_STATION_BaseStationID`, `SENSOR_TYPE_SensorTypeID`, `VEHICLE_VehicleID`, `SensorPurpose`, `StartDateOfOperation`, `EndDateOfOperation`, `DurationOfOperation`) VALUES ('1', '1', '6', '3', 'GPS location', '2016-08-08', '2016-08-11', '12');
INSERT INTO `mydb`.`SENSORS` (`SensorID`, `BASE_STATION_BaseStationID`, `SENSOR_TYPE_SensorTypeID`, `VEHICLE_VehicleID`, `SensorPurpose`, `StartDateOfOperation`, `EndDateOfOperation`, `DurationOfOperation`) VALUES ('2', '1', '6', '4', 'GPS location', '2016-08-08', '2016-08-11', '12');
INSERT INTO `mydb`.`SENSORS` (`SensorID`, `BASE_STATION_BaseStationID`, `SENSOR_TYPE_SensorTypeID`, `VEHICLE_VehicleID`, `SensorPurpose`, `StartDateOfOperation`, `EndDateOfOperation`, `DurationOfOperation`) VALUES ('3', '1', '6', '5', 'GPS location', '2016-08-08', '2016-08-11', '12');
INSERT INTO `mydb`.`SENSORS` (`SensorID`, `BASE_STATION_BaseStationID`, `SENSOR_TYPE_SensorTypeID`, `VEHICLE_VehicleID`, `SensorPurpose`, `StartDateOfOperation`, `EndDateOfOperation`, `DurationOfOperation`) VALUES ('4', '1', '4', '3', 'Photography', '2016-08-08', '2016-08-11', '1');
INSERT INTO `mydb`.`SENSORS` (`SensorID`, `BASE_STATION_BaseStationID`, `SENSOR_TYPE_SensorTypeID`, `VEHICLE_VehicleID`, `SensorPurpose`, `StartDateOfOperation`, `EndDateOfOperation`, `DurationOfOperation`) VALUES ('5', '1', '4', '4', 'Photography', '2016-08-08', '2016-08-11', '3');
INSERT INTO `mydb`.`SENSORS` (`SensorID`, `BASE_STATION_BaseStationID`, `SENSOR_TYPE_SensorTypeID`, `VEHICLE_VehicleID`, `SensorPurpose`, `StartDateOfOperation`, `EndDateOfOperation`, `DurationOfOperation`) VALUES ('6', '1', '4', '5', 'Photography', '2016-08-08', '2016-08-11', '2');


/*  Insert script for BASE_STATION_DATA table */
INSERT INTO `mydb`.`BASE_STATION_DATA` (`BaseStationDataID`, `BASE_STATION_BaseStationID`, `CAMPAIGN_CampaignID`, `LOCATION_LocationID`, `WindSpeed`, `Direction`, `Temperature`, `VisibilityAir`, `VisibilitiyWater`, `SolarIrradiance`, `LatitudeOfSensor`, `LongitudeOfSensor`, `Projection`, `Date`, `Time`) VALUES ('1', '1', '1', '1', '5', '270', '75', '100', '0', '4.2', '35.7753257', '-120.774063', 'WGS84', '3/2/16', '12:00:00');
INSERT INTO `mydb`.`BASE_STATION_DATA` (`BaseStationDataID`, `BASE_STATION_BaseStationID`, `CAMPAIGN_CampaignID`, `LOCATION_LocationID`, `WindSpeed`, `Direction`, `Temperature`, `VisibilityAir`, `VisibilitiyWater`, `SolarIrradiance`, `LatitudeOfSensor`, `LongitudeOfSensor`, `Projection`, `Date`, `Time`) VALUES ('2', '1', '2', '1', '3', '300', '75', '100', '0', '5.4', '35.7753257', '-120.774063', 'WGS84', '8/8/16', '12:00:00');
INSERT INTO `mydb`.`BASE_STATION_DATA` (`BaseStationDataID`, `BASE_STATION_BaseStationID`, `CAMPAIGN_CampaignID`, `LOCATION_LocationID`, `WindSpeed`, `Direction`, `Temperature`, `VisibilityAir`, `VisibilitiyWater`, `SolarIrradiance`, `LatitudeOfSensor`, `LongitudeOfSensor`, `Projection`, `Date`, `Time`) VALUES ('3', '1', '3', '1', '10', '330', '65', '45', '0', '3.9', '35.7753257', '-120.774063', 'WGS84', '11/7/16', '12:00:00');


/*  Insert script for SENSOR_ATTACHMENTS table  */
INSERT INTO `mydb`.`SENSOR_ATTACHMENTS` (`AttachmentID`, `BASE_STATION_BaseStationID`, `VEHICLE_VehicleID`, `SENSORS_SensorID`, `ATTACHMENT_TYPE_AttachmentTypeID`, `AttachmentDate`, `AttachmentTime`, `AttachmentDescription`, `AttachmentFile`) VALUES ('1', NULL, '3', '4', '1', '8/8/16', '12:00:00', 'photo from Swarm1', 'test');
INSERT INTO `mydb`.`SENSOR_ATTACHMENTS` (`AttachmentID`, `BASE_STATION_BaseStationID`, `VEHICLE_VehicleID`, `SENSORS_SensorID`, `ATTACHMENT_TYPE_AttachmentTypeID`, `AttachmentDate`, `AttachmentTime`, `AttachmentDescription`, `AttachmentFile`) VALUES ('2', NULL, '4', '5', '1', '8/8/16', '12:00:00', 'photo from Swarm2', 'test');
INSERT INTO `mydb`.`SENSOR_ATTACHMENTS` (`AttachmentID`, `BASE_STATION_BaseStationID`, `VEHICLE_VehicleID`, `SENSORS_SensorID`, `ATTACHMENT_TYPE_AttachmentTypeID`, `AttachmentDate`, `AttachmentTime`, `AttachmentDescription`, `AttachmentFile`) VALUES ('3', NULL, '5', '6', '1', '8/8/16', '12:00:00', 'photo from Swarm3', 'test');
INSERT INTO `mydb`.`SENSOR_ATTACHMENTS` (`AttachmentID`, `BASE_STATION_BaseStationID`, `VEHICLE_VehicleID`, `SENSORS_SensorID`, `ATTACHMENT_TYPE_AttachmentTypeID`, `AttachmentDate`, `AttachmentTime`, `AttachmentDescription`, `AttachmentFile`) VALUES ('4', NULL, '3', '4', '1', '8/8/16', '12:59:00', 'photo from Swarm1', 'test');
INSERT INTO `mydb`.`SENSOR_ATTACHMENTS` (`AttachmentID`, `BASE_STATION_BaseStationID`, `VEHICLE_VehicleID`, `SENSORS_SensorID`, `ATTACHMENT_TYPE_AttachmentTypeID`, `AttachmentDate`, `AttachmentTime`, `AttachmentDescription`, `AttachmentFile`) VALUES ('5', NULL, '4', '5', '1', '8/8/16', '13:01:00', 'photo from Swarm2', 'test');
INSERT INTO `mydb`.`SENSOR_ATTACHMENTS` (`AttachmentID`, `BASE_STATION_BaseStationID`, `VEHICLE_VehicleID`, `SENSORS_SensorID`, `ATTACHMENT_TYPE_AttachmentTypeID`, `AttachmentDate`, `AttachmentTime`, `AttachmentDescription`, `AttachmentFile`) VALUES ('6', NULL, '5', '6', '1', '8/8/16', '13:00:00', 'photo from Swarm3', 'test');
INSERT INTO `mydb`.`SENSOR_ATTACHMENTS` (`AttachmentID`, `BASE_STATION_BaseStationID`, `VEHICLE_VehicleID`, `SENSORS_SensorID`, `ATTACHMENT_TYPE_AttachmentTypeID`, `AttachmentDate`, `AttachmentTime`, `AttachmentDescription`, `AttachmentFile`) VALUES ('8', NULL, '4', '5', '1', '8/8/16', '14:00:00', 'photo from Swarm2', 'test');


/*  Insert script for EXPERIMENT_RESULTS table  */
INSERT INTO `mydb`.`EXPERIMENT_RESULTS` (`ExperimentResultID`, `EXPERIMENT_ExperimentID`, `DEMO_DemoID`, `IMPROVEMENT_ImprovementID`, `SENSORS_SensorID`, `RFI_RfiID`, `VEHICLE_VehicleID`, `Adhoc`, `Expert`, `Relevantone`, `Relevanttwo`, `Rfiadd`, `Strength`, `Strengthadd`, `Weak`, `Weakadd`, `Refinement`, `Newapproach`, `Reapplication`, `Collaborate`, `Dataplan`, `Prior`, `Additional`, `Imageq`, `Imageone`) VALUES ('1', '1', '2', '2', '1', 'A9', '1', 'Lorem ipsum dolor sit amet, consectetur adipiscing elit. Maecenas ac risus ut est accumsan cursus vel a justo. Suspendisse eleifend metus quis condimentum dictum. Praesent elementum dictum ante in euismod. Cras maximus arcu fringilla metus vulputate, a sollicitudin nisi eleifend. Integer at erat non quam malesuada efficitur lobortis in lacus. In maximus ut ex sed ultricies.', 'Lorem ipsum dolor sit amet, consectetur adipiscing elit. Maecenas ac risus ut est accumsan cursus vel a justo. Suspendisse eleifend metus quis condimentum dictum. Praesent elementum dictum ante in euismod. Cras maximus arcu fringilla metus vulputate, a sollicitudin nisi eleifend. Integer at erat non quam malesuada efficitur lobortis in lacus. In maximus ut ex sed ultricies.', 'Lorem ipsum dolor sit amet, consectetur adipiscing elit. Maecenas ac risus ut est accumsan cursus vel a justo. Suspendisse eleifend metus quis condimentum dictum. Praesent elementum dictum ante in euismod. Cras maximus arcu fringilla metus vulputate, a sollicitudin nisi eleifend. Integer at erat non quam malesuada efficitur lobortis in lacus. In maximus ut ex sed ultricies.', 'Lorem ipsum dolor sit amet, consectetur adipiscing elit. Maecenas ac risus ut est accumsan cursus vel a justo. Suspendisse eleifend metus quis condimentum dictum. Praesent elementum dictum ante in euismod. Cras maximus arcu fringilla metus vulputate, a sollicitudin nisi eleifend. Integer at erat non quam malesuada efficitur lobortis in lacus. In maximus ut ex sed ultricies.', 'Lorem ipsum dolor sit amet, consectetur adipiscing elit. Maecenas ac risus ut est accumsan cursus vel a justo. Suspendisse eleifend metus quis condimentum dictum. Praesent elementum dictum ante in euismod. Cras maximus arcu fringilla metus vulputate, a sollicitudin nisi eleifend. Integer at erat non quam malesuada efficitur lobortis in lacus. In maximus ut ex sed ultricies.', 'Lorem ipsum dolor sit amet, consectetur adipiscing elit. Maecenas ac risus ut est accumsan cursus vel a justo. Suspendisse eleifend metus quis condimentum dictum. Praesent elementum dictum ante in euismod. Cras maximus arcu fringilla metus vulputate, a sollicitudin nisi eleifend. Integer at erat non quam malesuada efficitur lobortis in lacus. In maximus ut ex sed ultricies.', 'Lorem ipsum dolor sit amet, consectetur adipiscing elit. Maecenas ac risus ut est accumsan cursus vel a justo. Suspendisse eleifend metus quis condimentum dictum. Praesent elementum dictum ante in euismod. Cras maximus arcu fringilla metus vulputate, a sollicitudin nisi eleifend. Integer at erat non quam malesuada efficitur lobortis in lacus. In maximus ut ex sed ultricies.', 'Lorem ipsum dolor sit amet, consectetur adipiscing elit. Maecenas ac risus ut est accumsan cursus vel a justo. Suspendisse eleifend metus quis condimentum dictum. Praesent elementum dictum ante in euismod. Cras maximus arcu fringilla metus vulputate, a sollicitudin nisi eleifend. Integer at erat non quam malesuada efficitur lobortis in lacus. In maximus ut ex sed ultricies.', 'Lorem ipsum dolor sit amet, consectetur adipiscing elit. Maecenas ac risus ut est accumsan cursus vel a justo. Suspendisse eleifend metus quis condimentum dictum. Praesent elementum dictum ante in euismod. Cras maximus arcu fringilla metus vulputate, a sollicitudin nisi eleifend. Integer at erat non quam malesuada efficitur lobortis in lacus. In maximus ut ex sed ultricies.', 'Lorem ipsum dolor sit amet, consectetur adipiscing elit. Maecenas ac risus ut est accumsan cursus vel a justo. Suspendisse eleifend metus quis condimentum dictum. Praesent elementum dictum ante in euismod. Cras maximus arcu fringilla metus vulputate, a sollicitudin nisi eleifend. Integer at erat non quam malesuada efficitur lobortis in lacus. In maximus ut ex sed ultricies.', 'Lorem ipsum dolor sit amet, consectetur adipiscing elit. Maecenas ac risus ut est accumsan cursus vel a justo. Suspendisse eleifend metus quis condimentum dictum. Praesent elementum dictum ante in euismod. Cras maximus arcu fringilla metus vulputate, a sollicitudin nisi eleifend. Integer at erat non quam malesuada efficitur lobortis in lacus. In maximus ut ex sed ultricies.', 'Lorem ipsum dolor sit amet, consectetur adipiscing elit. Maecenas ac risus ut est accumsan cursus vel a justo. Suspendisse eleifend metus quis condimentum dictum. Praesent elementum dictum ante in euismod. Cras maximus arcu fringilla metus vulputate, a sollicitudin nisi eleifend. Integer at erat non quam malesuada efficitur lobortis in lacus. In maximus ut ex sed ultricies.', 'Lorem ipsum dolor sit amet, consectetur adipiscing elit. Maecenas ac risus ut est accumsan cursus vel a justo. Suspendisse eleifend metus quis condimentum dictum. Praesent elementum dictum ante in euismod. Cras maximus arcu fringilla metus vulputate, a sollicitudin nisi eleifend. Integer at erat non quam malesuada efficitur lobortis in lacus. In maximus ut ex sed ultricies.', 'Lorem ipsum dolor sit amet, consectetur adipiscing elit. Maecenas ac risus ut est accumsan cursus vel a justo. Suspendisse eleifend metus quis condimentum dictum. Praesent elementum dictum ante in euismod. Cras maximus arcu fringilla metus vulputate, a sollicitudin nisi eleifend. Integer at erat non quam malesuada efficitur lobortis in lacus. In maximus ut ex sed ultricies.', 'Lorem ipsum dolor sit amet, consectetur adipiscing elit. Maecenas ac risus ut est accumsan cursus vel a justo. Suspendisse eleifend metus quis condimentum dictum. Praesent elementum dictum ante in euismod. Cras maximus arcu fringilla metus vulputate, a sollicitudin nisi eleifend. Integer at erat non quam malesuada efficitur lobortis in lacus. In maximus ut ex sed ultricies.', 'Lorem ipsum dolor sit amet, consectetur adipiscing elit. Maecenas ac risus ut est accumsan cursus vel a justo. Suspendisse eleifend metus quis condimentum dictum. Praesent elementum dictum ante in euismod. Cras maximus arcu fringilla metus vulputate, a sollicitudin nisi eleifend. Integer at erat non quam malesuada efficitur lobortis in lacus. In maximus ut ex sed ultricies.', 'test', 'test');
INSERT INTO `mydb`.`EXPERIMENT_RESULTS` (`ExperimentResultID`, `EXPERIMENT_ExperimentID`, `DEMO_DemoID`, `IMPROVEMENT_ImprovementID`, `SENSORS_SensorID`, `RFI_RfiID`, `VEHICLE_VehicleID`, `Adhoc`, `Expert`, `Relevantone`, `Relevanttwo`, `Rfiadd`, `Strength`, `Strengthadd`, `Weak`, `Weakadd`, `Refinement`, `Newapproach`, `Reapplication`, `Collaborate`, `Dataplan`, `Prior`, `Additional`, `Imageq`, `Imageone`) VALUES ('2', '2', '2', '2', '2', 'K', '2', 'Lorem ipsum dolor sit amet, consectetur adipiscing elit. Maecenas ac risus ut est accumsan cursus vel a justo. Suspendisse eleifend metus quis condimentum dictum. Praesent elementum dictum ante in euismod. Cras maximus arcu fringilla metus vulputate, a sollicitudin nisi eleifend. Integer at erat non quam malesuada efficitur lobortis in lacus. In maximus ut ex sed ultricies.', 'Lorem ipsum dolor sit amet, consectetur adipiscing elit. Maecenas ac risus ut est accumsan cursus vel a justo. Suspendisse eleifend metus quis condimentum dictum. Praesent elementum dictum ante in euismod. Cras maximus arcu fringilla metus vulputate, a sollicitudin nisi eleifend. Integer at erat non quam malesuada efficitur lobortis in lacus. In maximus ut ex sed ultricies.', 'Lorem ipsum dolor sit amet, consectetur adipiscing elit. Maecenas ac risus ut est accumsan cursus vel a justo. Suspendisse eleifend metus quis condimentum dictum. Praesent elementum dictum ante in euismod. Cras maximus arcu fringilla metus vulputate, a sollicitudin nisi eleifend. Integer at erat non quam malesuada efficitur lobortis in lacus. In maximus ut ex sed ultricies.', 'Lorem ipsum dolor sit amet, consectetur adipiscing elit. Maecenas ac risus ut est accumsan cursus vel a justo. Suspendisse eleifend metus quis condimentum dictum. Praesent elementum dictum ante in euismod. Cras maximus arcu fringilla metus vulputate, a sollicitudin nisi eleifend. Integer at erat non quam malesuada efficitur lobortis in lacus. In maximus ut ex sed ultricies.', 'Lorem ipsum dolor sit amet, consectetur adipiscing elit. Maecenas ac risus ut est accumsan cursus vel a justo. Suspendisse eleifend metus quis condimentum dictum. Praesent elementum dictum ante in euismod. Cras maximus arcu fringilla metus vulputate, a sollicitudin nisi eleifend. Integer at erat non quam malesuada efficitur lobortis in lacus. In maximus ut ex sed ultricies.', 'Lorem ipsum dolor sit amet, consectetur adipiscing elit. Maecenas ac risus ut est accumsan cursus vel a justo. Suspendisse eleifend metus quis condimentum dictum. Praesent elementum dictum ante in euismod. Cras maximus arcu fringilla metus vulputate, a sollicitudin nisi eleifend. Integer at erat non quam malesuada efficitur lobortis in lacus. In maximus ut ex sed ultricies.', 'Lorem ipsum dolor sit amet, consectetur adipiscing elit. Maecenas ac risus ut est accumsan cursus vel a justo. Suspendisse eleifend metus quis condimentum dictum. Praesent elementum dictum ante in euismod. Cras maximus arcu fringilla metus vulputate, a sollicitudin nisi eleifend. Integer at erat non quam malesuada efficitur lobortis in lacus. In maximus ut ex sed ultricies.', 'Lorem ipsum dolor sit amet, consectetur adipiscing elit. Maecenas ac risus ut est accumsan cursus vel a justo. Suspendisse eleifend metus quis condimentum dictum. Praesent elementum dictum ante in euismod. Cras maximus arcu fringilla metus vulputate, a sollicitudin nisi eleifend. Integer at erat non quam malesuada efficitur lobortis in lacus. In maximus ut ex sed ultricies.', 'Lorem ipsum dolor sit amet, consectetur adipiscing elit. Maecenas ac risus ut est accumsan cursus vel a justo. Suspendisse eleifend metus quis condimentum dictum. Praesent elementum dictum ante in euismod. Cras maximus arcu fringilla metus vulputate, a sollicitudin nisi eleifend. Integer at erat non quam malesuada efficitur lobortis in lacus. In maximus ut ex sed ultricies.', 'Lorem ipsum dolor sit amet, consectetur adipiscing elit. Maecenas ac risus ut est accumsan cursus vel a justo. Suspendisse eleifend metus quis condimentum dictum. Praesent elementum dictum ante in euismod. Cras maximus arcu fringilla metus vulputate, a sollicitudin nisi eleifend. Integer at erat non quam malesuada efficitur lobortis in lacus. In maximus ut ex sed ultricies.', 'Lorem ipsum dolor sit amet, consectetur adipiscing elit. Maecenas ac risus ut est accumsan cursus vel a justo. Suspendisse eleifend metus quis condimentum dictum. Praesent elementum dictum ante in euismod. Cras maximus arcu fringilla metus vulputate, a sollicitudin nisi eleifend. Integer at erat non quam malesuada efficitur lobortis in lacus. In maximus ut ex sed ultricies.', 'Lorem ipsum dolor sit amet, consectetur adipiscing elit. Maecenas ac risus ut est accumsan cursus vel a justo. Suspendisse eleifend metus quis condimentum dictum. Praesent elementum dictum ante in euismod. Cras maximus arcu fringilla metus vulputate, a sollicitudin nisi eleifend. Integer at erat non quam malesuada efficitur lobortis in lacus. In maximus ut ex sed ultricies.', 'Lorem ipsum dolor sit amet, consectetur adipiscing elit. Maecenas ac risus ut est accumsan cursus vel a justo. Suspendisse eleifend metus quis condimentum dictum. Praesent elementum dictum ante in euismod. Cras maximus arcu fringilla metus vulputate, a sollicitudin nisi eleifend. Integer at erat non quam malesuada efficitur lobortis in lacus. In maximus ut ex sed ultricies.', 'Lorem ipsum dolor sit amet, consectetur adipiscing elit. Maecenas ac risus ut est accumsan cursus vel a justo. Suspendisse eleifend metus quis condimentum dictum. Praesent elementum dictum ante in euismod. Cras maximus arcu fringilla metus vulputate, a sollicitudin nisi eleifend. Integer at erat non quam malesuada efficitur lobortis in lacus. In maximus ut ex sed ultricies.', 'Lorem ipsum dolor sit amet, consectetur adipiscing elit. Maecenas ac risus ut est accumsan cursus vel a justo. Suspendisse eleifend metus quis condimentum dictum. Praesent elementum dictum ante in euismod. Cras maximus arcu fringilla metus vulputate, a sollicitudin nisi eleifend. Integer at erat non quam malesuada efficitur lobortis in lacus. In maximus ut ex sed ultricies.', 'Lorem ipsum dolor sit amet, consectetur adipiscing elit. Maecenas ac risus ut est accumsan cursus vel a justo. Suspendisse eleifend metus quis condimentum dictum. Praesent elementum dictum ante in euismod. Cras maximus arcu fringilla metus vulputate, a sollicitudin nisi eleifend. Integer at erat non quam malesuada efficitur lobortis in lacus. In maximus ut ex sed ultricies.', 'test', 'test');
INSERT INTO `mydb`.`EXPERIMENT_RESULTS` (`ExperimentResultID`, `EXPERIMENT_ExperimentID`, `DEMO_DemoID`, `IMPROVEMENT_ImprovementID`, `SENSORS_SensorID`, `RFI_RfiID`, `VEHICLE_VehicleID`, `Adhoc`, `Expert`, `Relevantone`, `Relevanttwo`, `Rfiadd`, `Strength`, `Strengthadd`, `Weak`, `Weakadd`, `Refinement`, `Newapproach`, `Reapplication`, `Collaborate`, `Dataplan`, `Prior`, `Additional`, `Imageq`, `Imageone`) VALUES ('3', '3', '2', '2', '3', 'A8', '3', 'Lorem ipsum dolor sit amet, consectetur adipiscing elit. Maecenas ac risus ut est accumsan cursus vel a justo. Suspendisse eleifend metus quis condimentum dictum. Praesent elementum dictum ante in euismod. Cras maximus arcu fringilla metus vulputate, a sollicitudin nisi eleifend. Integer at erat non quam malesuada efficitur lobortis in lacus. In maximus ut ex sed ultricies.', 'Lorem ipsum dolor sit amet, consectetur adipiscing elit. Maecenas ac risus ut est accumsan cursus vel a justo. Suspendisse eleifend metus quis condimentum dictum. Praesent elementum dictum ante in euismod. Cras maximus arcu fringilla metus vulputate, a sollicitudin nisi eleifend. Integer at erat non quam malesuada efficitur lobortis in lacus. In maximus ut ex sed ultricies.', 'Lorem ipsum dolor sit amet, consectetur adipiscing elit. Maecenas ac risus ut est accumsan cursus vel a justo. Suspendisse eleifend metus quis condimentum dictum. Praesent elementum dictum ante in euismod. Cras maximus arcu fringilla metus vulputate, a sollicitudin nisi eleifend. Integer at erat non quam malesuada efficitur lobortis in lacus. In maximus ut ex sed ultricies.', 'Lorem ipsum dolor sit amet, consectetur adipiscing elit. Maecenas ac risus ut est accumsan cursus vel a justo. Suspendisse eleifend metus quis condimentum dictum. Praesent elementum dictum ante in euismod. Cras maximus arcu fringilla metus vulputate, a sollicitudin nisi eleifend. Integer at erat non quam malesuada efficitur lobortis in lacus. In maximus ut ex sed ultricies.', 'Lorem ipsum dolor sit amet, consectetur adipiscing elit. Maecenas ac risus ut est accumsan cursus vel a justo. Suspendisse eleifend metus quis condimentum dictum. Praesent elementum dictum ante in euismod. Cras maximus arcu fringilla metus vulputate, a sollicitudin nisi eleifend. Integer at erat non quam malesuada efficitur lobortis in lacus. In maximus ut ex sed ultricies.', 'Lorem ipsum dolor sit amet, consectetur adipiscing elit. Maecenas ac risus ut est accumsan cursus vel a justo. Suspendisse eleifend metus quis condimentum dictum. Praesent elementum dictum ante in euismod. Cras maximus arcu fringilla metus vulputate, a sollicitudin nisi eleifend. Integer at erat non quam malesuada efficitur lobortis in lacus. In maximus ut ex sed ultricies.', 'Lorem ipsum dolor sit amet, consectetur adipiscing elit. Maecenas ac risus ut est accumsan cursus vel a justo. Suspendisse eleifend metus quis condimentum dictum. Praesent elementum dictum ante in euismod. Cras maximus arcu fringilla metus vulputate, a sollicitudin nisi eleifend. Integer at erat non quam malesuada efficitur lobortis in lacus. In maximus ut ex sed ultricies.', 'Lorem ipsum dolor sit amet, consectetur adipiscing elit. Maecenas ac risus ut est accumsan cursus vel a justo. Suspendisse eleifend metus quis condimentum dictum. Praesent elementum dictum ante in euismod. Cras maximus arcu fringilla metus vulputate, a sollicitudin nisi eleifend. Integer at erat non quam malesuada efficitur lobortis in lacus. In maximus ut ex sed ultricies.', 'Lorem ipsum dolor sit amet, consectetur adipiscing elit. Maecenas ac risus ut est accumsan cursus vel a justo. Suspendisse eleifend metus quis condimentum dictum. Praesent elementum dictum ante in euismod. Cras maximus arcu fringilla metus vulputate, a sollicitudin nisi eleifend. Integer at erat non quam malesuada efficitur lobortis in lacus. In maximus ut ex sed ultricies.', 'Lorem ipsum dolor sit amet, consectetur adipiscing elit. Maecenas ac risus ut est accumsan cursus vel a justo. Suspendisse eleifend metus quis condimentum dictum. Praesent elementum dictum ante in euismod. Cras maximus arcu fringilla metus vulputate, a sollicitudin nisi eleifend. Integer at erat non quam malesuada efficitur lobortis in lacus. In maximus ut ex sed ultricies.', 'Lorem ipsum dolor sit amet, consectetur adipiscing elit. Maecenas ac risus ut est accumsan cursus vel a justo. Suspendisse eleifend metus quis condimentum dictum. Praesent elementum dictum ante in euismod. Cras maximus arcu fringilla metus vulputate, a sollicitudin nisi eleifend. Integer at erat non quam malesuada efficitur lobortis in lacus. In maximus ut ex sed ultricies.', 'Lorem ipsum dolor sit amet, consectetur adipiscing elit. Maecenas ac risus ut est accumsan cursus vel a justo. Suspendisse eleifend metus quis condimentum dictum. Praesent elementum dictum ante in euismod. Cras maximus arcu fringilla metus vulputate, a sollicitudin nisi eleifend. Integer at erat non quam malesuada efficitur lobortis in lacus. In maximus ut ex sed ultricies.', 'Lorem ipsum dolor sit amet, consectetur adipiscing elit. Maecenas ac risus ut est accumsan cursus vel a justo. Suspendisse eleifend metus quis condimentum dictum. Praesent elementum dictum ante in euismod. Cras maximus arcu fringilla metus vulputate, a sollicitudin nisi eleifend. Integer at erat non quam malesuada efficitur lobortis in lacus. In maximus ut ex sed ultricies.', 'Lorem ipsum dolor sit amet, consectetur adipiscing elit. Maecenas ac risus ut est accumsan cursus vel a justo. Suspendisse eleifend metus quis condimentum dictum. Praesent elementum dictum ante in euismod. Cras maximus arcu fringilla metus vulputate, a sollicitudin nisi eleifend. Integer at erat non quam malesuada efficitur lobortis in lacus. In maximus ut ex sed ultricies.', 'Lorem ipsum dolor sit amet, consectetur adipiscing elit. Maecenas ac risus ut est accumsan cursus vel a justo. Suspendisse eleifend metus quis condimentum dictum. Praesent elementum dictum ante in euismod. Cras maximus arcu fringilla metus vulputate, a sollicitudin nisi eleifend. Integer at erat non quam malesuada efficitur lobortis in lacus. In maximus ut ex sed ultricies.', 'Lorem ipsum dolor sit amet, consectetur adipiscing elit. Maecenas ac risus ut est accumsan cursus vel a justo. Suspendisse eleifend metus quis condimentum dictum. Praesent elementum dictum ante in euismod. Cras maximus arcu fringilla metus vulputate, a sollicitudin nisi eleifend. Integer at erat non quam malesuada efficitur lobortis in lacus. In maximus ut ex sed ultricies.', 'test', 'test');
INSERT INTO `mydb`.`EXPERIMENT_RESULTS` (`ExperimentResultID`, `EXPERIMENT_ExperimentID`, `DEMO_DemoID`, `IMPROVEMENT_ImprovementID`, `SENSORS_SensorID`, `RFI_RfiID`, `VEHICLE_VehicleID`, `Adhoc`, `Expert`, `Relevantone`, `Relevanttwo`, `Rfiadd`, `Strength`, `Strengthadd`, `Weak`, `Weakadd`, `Refinement`, `Newapproach`, `Reapplication`, `Collaborate`, `Dataplan`, `Prior`, `Additional`, `Imageq`, `Imageone`) VALUES ('4', '3', '2', '2', '3', 'A8', '4', 'Lorem ipsum dolor sit amet, consectetur adipiscing elit. Maecenas ac risus ut est accumsan cursus vel a justo. Suspendisse eleifend metus quis condimentum dictum. Praesent elementum dictum ante in euismod. Cras maximus arcu fringilla metus vulputate, a sollicitudin nisi eleifend. Integer at erat non quam malesuada efficitur lobortis in lacus. In maximus ut ex sed ultricies.', 'Lorem ipsum dolor sit amet, consectetur adipiscing elit. Maecenas ac risus ut est accumsan cursus vel a justo. Suspendisse eleifend metus quis condimentum dictum. Praesent elementum dictum ante in euismod. Cras maximus arcu fringilla metus vulputate, a sollicitudin nisi eleifend. Integer at erat non quam malesuada efficitur lobortis in lacus. In maximus ut ex sed ultricies.', 'Lorem ipsum dolor sit amet, consectetur adipiscing elit. Maecenas ac risus ut est accumsan cursus vel a justo. Suspendisse eleifend metus quis condimentum dictum. Praesent elementum dictum ante in euismod. Cras maximus arcu fringilla metus vulputate, a sollicitudin nisi eleifend. Integer at erat non quam malesuada efficitur lobortis in lacus. In maximus ut ex sed ultricies.', 'Lorem ipsum dolor sit amet, consectetur adipiscing elit. Maecenas ac risus ut est accumsan cursus vel a justo. Suspendisse eleifend metus quis condimentum dictum. Praesent elementum dictum ante in euismod. Cras maximus arcu fringilla metus vulputate, a sollicitudin nisi eleifend. Integer at erat non quam malesuada efficitur lobortis in lacus. In maximus ut ex sed ultricies.', 'Lorem ipsum dolor sit amet, consectetur adipiscing elit. Maecenas ac risus ut est accumsan cursus vel a justo. Suspendisse eleifend metus quis condimentum dictum. Praesent elementum dictum ante in euismod. Cras maximus arcu fringilla metus vulputate, a sollicitudin nisi eleifend. Integer at erat non quam malesuada efficitur lobortis in lacus. In maximus ut ex sed ultricies.', 'Lorem ipsum dolor sit amet, consectetur adipiscing elit. Maecenas ac risus ut est accumsan cursus vel a justo. Suspendisse eleifend metus quis condimentum dictum. Praesent elementum dictum ante in euismod. Cras maximus arcu fringilla metus vulputate, a sollicitudin nisi eleifend. Integer at erat non quam malesuada efficitur lobortis in lacus. In maximus ut ex sed ultricies.', 'Lorem ipsum dolor sit amet, consectetur adipiscing elit. Maecenas ac risus ut est accumsan cursus vel a justo. Suspendisse eleifend metus quis condimentum dictum. Praesent elementum dictum ante in euismod. Cras maximus arcu fringilla metus vulputate, a sollicitudin nisi eleifend. Integer at erat non quam malesuada efficitur lobortis in lacus. In maximus ut ex sed ultricies.', 'Lorem ipsum dolor sit amet, consectetur adipiscing elit. Maecenas ac risus ut est accumsan cursus vel a justo. Suspendisse eleifend metus quis condimentum dictum. Praesent elementum dictum ante in euismod. Cras maximus arcu fringilla metus vulputate, a sollicitudin nisi eleifend. Integer at erat non quam malesuada efficitur lobortis in lacus. In maximus ut ex sed ultricies.', 'Lorem ipsum dolor sit amet, consectetur adipiscing elit. Maecenas ac risus ut est accumsan cursus vel a justo. Suspendisse eleifend metus quis condimentum dictum. Praesent elementum dictum ante in euismod. Cras maximus arcu fringilla metus vulputate, a sollicitudin nisi eleifend. Integer at erat non quam malesuada efficitur lobortis in lacus. In maximus ut ex sed ultricies.', 'Lorem ipsum dolor sit amet, consectetur adipiscing elit. Maecenas ac risus ut est accumsan cursus vel a justo. Suspendisse eleifend metus quis condimentum dictum. Praesent elementum dictum ante in euismod. Cras maximus arcu fringilla metus vulputate, a sollicitudin nisi eleifend. Integer at erat non quam malesuada efficitur lobortis in lacus. In maximus ut ex sed ultricies.', 'Lorem ipsum dolor sit amet, consectetur adipiscing elit. Maecenas ac risus ut est accumsan cursus vel a justo. Suspendisse eleifend metus quis condimentum dictum. Praesent elementum dictum ante in euismod. Cras maximus arcu fringilla metus vulputate, a sollicitudin nisi eleifend. Integer at erat non quam malesuada efficitur lobortis in lacus. In maximus ut ex sed ultricies.', 'Lorem ipsum dolor sit amet, consectetur adipiscing elit. Maecenas ac risus ut est accumsan cursus vel a justo. Suspendisse eleifend metus quis condimentum dictum. Praesent elementum dictum ante in euismod. Cras maximus arcu fringilla metus vulputate, a sollicitudin nisi eleifend. Integer at erat non quam malesuada efficitur lobortis in lacus. In maximus ut ex sed ultricies.', 'Lorem ipsum dolor sit amet, consectetur adipiscing elit. Maecenas ac risus ut est accumsan cursus vel a justo. Suspendisse eleifend metus quis condimentum dictum. Praesent elementum dictum ante in euismod. Cras maximus arcu fringilla metus vulputate, a sollicitudin nisi eleifend. Integer at erat non quam malesuada efficitur lobortis in lacus. In maximus ut ex sed ultricies.', 'Lorem ipsum dolor sit amet, consectetur adipiscing elit. Maecenas ac risus ut est accumsan cursus vel a justo. Suspendisse eleifend metus quis condimentum dictum. Praesent elementum dictum ante in euismod. Cras maximus arcu fringilla metus vulputate, a sollicitudin nisi eleifend. Integer at erat non quam malesuada efficitur lobortis in lacus. In maximus ut ex sed ultricies.', 'Lorem ipsum dolor sit amet, consectetur adipiscing elit. Maecenas ac risus ut est accumsan cursus vel a justo. Suspendisse eleifend metus quis condimentum dictum. Praesent elementum dictum ante in euismod. Cras maximus arcu fringilla metus vulputate, a sollicitudin nisi eleifend. Integer at erat non quam malesuada efficitur lobortis in lacus. In maximus ut ex sed ultricies.', 'Lorem ipsum dolor sit amet, consectetur adipiscing elit. Maecenas ac risus ut est accumsan cursus vel a justo. Suspendisse eleifend metus quis condimentum dictum. Praesent elementum dictum ante in euismod. Cras maximus arcu fringilla metus vulputate, a sollicitudin nisi eleifend. Integer at erat non quam malesuada efficitur lobortis in lacus. In maximus ut ex sed ultricies.', 'test', 'test');
INSERT INTO `mydb`.`EXPERIMENT_RESULTS` (`ExperimentResultID`, `EXPERIMENT_ExperimentID`, `DEMO_DemoID`, `IMPROVEMENT_ImprovementID`, `SENSORS_SensorID`, `RFI_RfiID`, `VEHICLE_VehicleID`, `Adhoc`, `Expert`, `Relevantone`, `Relevanttwo`, `Rfiadd`, `Strength`, `Strengthadd`, `Weak`, `Weakadd`, `Refinement`, `Newapproach`, `Reapplication`, `Collaborate`, `Dataplan`, `Prior`, `Additional`, `Imageq`, `Imageone`) VALUES ('5', '3', '2', '2', '3', 'A8', '5', 'Lorem ipsum dolor sit amet, consectetur adipiscing elit. Maecenas ac risus ut est accumsan cursus vel a justo. Suspendisse eleifend metus quis condimentum dictum. Praesent elementum dictum ante in euismod. Cras maximus arcu fringilla metus vulputate, a sollicitudin nisi eleifend. Integer at erat non quam malesuada efficitur lobortis in lacus. In maximus ut ex sed ultricies.', 'Lorem ipsum dolor sit amet, consectetur adipiscing elit. Maecenas ac risus ut est accumsan cursus vel a justo. Suspendisse eleifend metus quis condimentum dictum. Praesent elementum dictum ante in euismod. Cras maximus arcu fringilla metus vulputate, a sollicitudin nisi eleifend. Integer at erat non quam malesuada efficitur lobortis in lacus. In maximus ut ex sed ultricies.', 'Lorem ipsum dolor sit amet, consectetur adipiscing elit. Maecenas ac risus ut est accumsan cursus vel a justo. Suspendisse eleifend metus quis condimentum dictum. Praesent elementum dictum ante in euismod. Cras maximus arcu fringilla metus vulputate, a sollicitudin nisi eleifend. Integer at erat non quam malesuada efficitur lobortis in lacus. In maximus ut ex sed ultricies.', 'Lorem ipsum dolor sit amet, consectetur adipiscing elit. Maecenas ac risus ut est accumsan cursus vel a justo. Suspendisse eleifend metus quis condimentum dictum. Praesent elementum dictum ante in euismod. Cras maximus arcu fringilla metus vulputate, a sollicitudin nisi eleifend. Integer at erat non quam malesuada efficitur lobortis in lacus. In maximus ut ex sed ultricies.', 'Lorem ipsum dolor sit amet, consectetur adipiscing elit. Maecenas ac risus ut est accumsan cursus vel a justo. Suspendisse eleifend metus quis condimentum dictum. Praesent elementum dictum ante in euismod. Cras maximus arcu fringilla metus vulputate, a sollicitudin nisi eleifend. Integer at erat non quam malesuada efficitur lobortis in lacus. In maximus ut ex sed ultricies.', 'Lorem ipsum dolor sit amet, consectetur adipiscing elit. Maecenas ac risus ut est accumsan cursus vel a justo. Suspendisse eleifend metus quis condimentum dictum. Praesent elementum dictum ante in euismod. Cras maximus arcu fringilla metus vulputate, a sollicitudin nisi eleifend. Integer at erat non quam malesuada efficitur lobortis in lacus. In maximus ut ex sed ultricies.', 'Lorem ipsum dolor sit amet, consectetur adipiscing elit. Maecenas ac risus ut est accumsan cursus vel a justo. Suspendisse eleifend metus quis condimentum dictum. Praesent elementum dictum ante in euismod. Cras maximus arcu fringilla metus vulputate, a sollicitudin nisi eleifend. Integer at erat non quam malesuada efficitur lobortis in lacus. In maximus ut ex sed ultricies.', 'Lorem ipsum dolor sit amet, consectetur adipiscing elit. Maecenas ac risus ut est accumsan cursus vel a justo. Suspendisse eleifend metus quis condimentum dictum. Praesent elementum dictum ante in euismod. Cras maximus arcu fringilla metus vulputate, a sollicitudin nisi eleifend. Integer at erat non quam malesuada efficitur lobortis in lacus. In maximus ut ex sed ultricies.', 'Lorem ipsum dolor sit amet, consectetur adipiscing elit. Maecenas ac risus ut est accumsan cursus vel a justo. Suspendisse eleifend metus quis condimentum dictum. Praesent elementum dictum ante in euismod. Cras maximus arcu fringilla metus vulputate, a sollicitudin nisi eleifend. Integer at erat non quam malesuada efficitur lobortis in lacus. In maximus ut ex sed ultricies.', 'Lorem ipsum dolor sit amet, consectetur adipiscing elit. Maecenas ac risus ut est accumsan cursus vel a justo. Suspendisse eleifend metus quis condimentum dictum. Praesent elementum dictum ante in euismod. Cras maximus arcu fringilla metus vulputate, a sollicitudin nisi eleifend. Integer at erat non quam malesuada efficitur lobortis in lacus. In maximus ut ex sed ultricies.', 'Lorem ipsum dolor sit amet, consectetur adipiscing elit. Maecenas ac risus ut est accumsan cursus vel a justo. Suspendisse eleifend metus quis condimentum dictum. Praesent elementum dictum ante in euismod. Cras maximus arcu fringilla metus vulputate, a sollicitudin nisi eleifend. Integer at erat non quam malesuada efficitur lobortis in lacus. In maximus ut ex sed ultricies.', 'Lorem ipsum dolor sit amet, consectetur adipiscing elit. Maecenas ac risus ut est accumsan cursus vel a justo. Suspendisse eleifend metus quis condimentum dictum. Praesent elementum dictum ante in euismod. Cras maximus arcu fringilla metus vulputate, a sollicitudin nisi eleifend. Integer at erat non quam malesuada efficitur lobortis in lacus. In maximus ut ex sed ultricies.', 'Lorem ipsum dolor sit amet, consectetur adipiscing elit. Maecenas ac risus ut est accumsan cursus vel a justo. Suspendisse eleifend metus quis condimentum dictum. Praesent elementum dictum ante in euismod. Cras maximus arcu fringilla metus vulputate, a sollicitudin nisi eleifend. Integer at erat non quam malesuada efficitur lobortis in lacus. In maximus ut ex sed ultricies.', 'Lorem ipsum dolor sit amet, consectetur adipiscing elit. Maecenas ac risus ut est accumsan cursus vel a justo. Suspendisse eleifend metus quis condimentum dictum. Praesent elementum dictum ante in euismod. Cras maximus arcu fringilla metus vulputate, a sollicitudin nisi eleifend. Integer at erat non quam malesuada efficitur lobortis in lacus. In maximus ut ex sed ultricies.', 'Lorem ipsum dolor sit amet, consectetur adipiscing elit. Maecenas ac risus ut est accumsan cursus vel a justo. Suspendisse eleifend metus quis condimentum dictum. Praesent elementum dictum ante in euismod. Cras maximus arcu fringilla metus vulputate, a sollicitudin nisi eleifend. Integer at erat non quam malesuada efficitur lobortis in lacus. In maximus ut ex sed ultricies.', 'Lorem ipsum dolor sit amet, consectetur adipiscing elit. Maecenas ac risus ut est accumsan cursus vel a justo. Suspendisse eleifend metus quis condimentum dictum. Praesent elementum dictum ante in euismod. Cras maximus arcu fringilla metus vulputate, a sollicitudin nisi eleifend. Integer at erat non quam malesuada efficitur lobortis in lacus. In maximus ut ex sed ultricies.', 'test', 'test');
INSERT INTO `mydb`.`EXPERIMENT_RESULTS` (`ExperimentResultID`, `EXPERIMENT_ExperimentID`, `DEMO_DemoID`, `IMPROVEMENT_ImprovementID`, `SENSORS_SensorID`, `RFI_RfiID`, `VEHICLE_VehicleID`, `Adhoc`, `Expert`, `Relevantone`, `Relevanttwo`, `Rfiadd`, `Strength`, `Strengthadd`, `Weak`, `Weakadd`, `Refinement`, `Newapproach`, `Reapplication`, `Collaborate`, `Dataplan`, `Prior`, `Additional`, `Imageq`, `Imageone`) VALUES ('6', '4', '1', '2', NULL, 'A10', '9', 'Lorem ipsum dolor sit amet, consectetur adipiscing elit. Maecenas ac risus ut est accumsan cursus vel a justo. Suspendisse eleifend metus quis condimentum dictum. Praesent elementum dictum ante in euismod. Cras maximus arcu fringilla metus vulputate, a sollicitudin nisi eleifend. Integer at erat non quam malesuada efficitur lobortis in lacus. In maximus ut ex sed ultricies.', 'Lorem ipsum dolor sit amet, consectetur adipiscing elit. Maecenas ac risus ut est accumsan cursus vel a justo. Suspendisse eleifend metus quis condimentum dictum. Praesent elementum dictum ante in euismod. Cras maximus arcu fringilla metus vulputate, a sollicitudin nisi eleifend. Integer at erat non quam malesuada efficitur lobortis in lacus. In maximus ut ex sed ultricies.', 'Lorem ipsum dolor sit amet, consectetur adipiscing elit. Maecenas ac risus ut est accumsan cursus vel a justo. Suspendisse eleifend metus quis condimentum dictum. Praesent elementum dictum ante in euismod. Cras maximus arcu fringilla metus vulputate, a sollicitudin nisi eleifend. Integer at erat non quam malesuada efficitur lobortis in lacus. In maximus ut ex sed ultricies.', 'Lorem ipsum dolor sit amet, consectetur adipiscing elit. Maecenas ac risus ut est accumsan cursus vel a justo. Suspendisse eleifend metus quis condimentum dictum. Praesent elementum dictum ante in euismod. Cras maximus arcu fringilla metus vulputate, a sollicitudin nisi eleifend. Integer at erat non quam malesuada efficitur lobortis in lacus. In maximus ut ex sed ultricies.', 'Lorem ipsum dolor sit amet, consectetur adipiscing elit. Maecenas ac risus ut est accumsan cursus vel a justo. Suspendisse eleifend metus quis condimentum dictum. Praesent elementum dictum ante in euismod. Cras maximus arcu fringilla metus vulputate, a sollicitudin nisi eleifend. Integer at erat non quam malesuada efficitur lobortis in lacus. In maximus ut ex sed ultricies.', 'Lorem ipsum dolor sit amet, consectetur adipiscing elit. Maecenas ac risus ut est accumsan cursus vel a justo. Suspendisse eleifend metus quis condimentum dictum. Praesent elementum dictum ante in euismod. Cras maximus arcu fringilla metus vulputate, a sollicitudin nisi eleifend. Integer at erat non quam malesuada efficitur lobortis in lacus. In maximus ut ex sed ultricies.', 'Lorem ipsum dolor sit amet, consectetur adipiscing elit. Maecenas ac risus ut est accumsan cursus vel a justo. Suspendisse eleifend metus quis condimentum dictum. Praesent elementum dictum ante in euismod. Cras maximus arcu fringilla metus vulputate, a sollicitudin nisi eleifend. Integer at erat non quam malesuada efficitur lobortis in lacus. In maximus ut ex sed ultricies.', 'Lorem ipsum dolor sit amet, consectetur adipiscing elit. Maecenas ac risus ut est accumsan cursus vel a justo. Suspendisse eleifend metus quis condimentum dictum. Praesent elementum dictum ante in euismod. Cras maximus arcu fringilla metus vulputate, a sollicitudin nisi eleifend. Integer at erat non quam malesuada efficitur lobortis in lacus. In maximus ut ex sed ultricies.', 'Lorem ipsum dolor sit amet, consectetur adipiscing elit. Maecenas ac risus ut est accumsan cursus vel a justo. Suspendisse eleifend metus quis condimentum dictum. Praesent elementum dictum ante in euismod. Cras maximus arcu fringilla metus vulputate, a sollicitudin nisi eleifend. Integer at erat non quam malesuada efficitur lobortis in lacus. In maximus ut ex sed ultricies.', 'Lorem ipsum dolor sit amet, consectetur adipiscing elit. Maecenas ac risus ut est accumsan cursus vel a justo. Suspendisse eleifend metus quis condimentum dictum. Praesent elementum dictum ante in euismod. Cras maximus arcu fringilla metus vulputate, a sollicitudin nisi eleifend. Integer at erat non quam malesuada efficitur lobortis in lacus. In maximus ut ex sed ultricies.', 'Lorem ipsum dolor sit amet, consectetur adipiscing elit. Maecenas ac risus ut est accumsan cursus vel a justo. Suspendisse eleifend metus quis condimentum dictum. Praesent elementum dictum ante in euismod. Cras maximus arcu fringilla metus vulputate, a sollicitudin nisi eleifend. Integer at erat non quam malesuada efficitur lobortis in lacus. In maximus ut ex sed ultricies.', 'Lorem ipsum dolor sit amet, consectetur adipiscing elit. Maecenas ac risus ut est accumsan cursus vel a justo. Suspendisse eleifend metus quis condimentum dictum. Praesent elementum dictum ante in euismod. Cras maximus arcu fringilla metus vulputate, a sollicitudin nisi eleifend. Integer at erat non quam malesuada efficitur lobortis in lacus. In maximus ut ex sed ultricies.', 'Lorem ipsum dolor sit amet, consectetur adipiscing elit. Maecenas ac risus ut est accumsan cursus vel a justo. Suspendisse eleifend metus quis condimentum dictum. Praesent elementum dictum ante in euismod. Cras maximus arcu fringilla metus vulputate, a sollicitudin nisi eleifend. Integer at erat non quam malesuada efficitur lobortis in lacus. In maximus ut ex sed ultricies.', 'Lorem ipsum dolor sit amet, consectetur adipiscing elit. Maecenas ac risus ut est accumsan cursus vel a justo. Suspendisse eleifend metus quis condimentum dictum. Praesent elementum dictum ante in euismod. Cras maximus arcu fringilla metus vulputate, a sollicitudin nisi eleifend. Integer at erat non quam malesuada efficitur lobortis in lacus. In maximus ut ex sed ultricies.', 'Lorem ipsum dolor sit amet, consectetur adipiscing elit. Maecenas ac risus ut est accumsan cursus vel a justo. Suspendisse eleifend metus quis condimentum dictum. Praesent elementum dictum ante in euismod. Cras maximus arcu fringilla metus vulputate, a sollicitudin nisi eleifend. Integer at erat non quam malesuada efficitur lobortis in lacus. In maximus ut ex sed ultricies.', 'Lorem ipsum dolor sit amet, consectetur adipiscing elit. Maecenas ac risus ut est accumsan cursus vel a justo. Suspendisse eleifend metus quis condimentum dictum. Praesent elementum dictum ante in euismod. Cras maximus arcu fringilla metus vulputate, a sollicitudin nisi eleifend. Integer at erat non quam malesuada efficitur lobortis in lacus. In maximus ut ex sed ultricies.', 'test', 'test');
INSERT INTO `mydb`.`EXPERIMENT_RESULTS` (`ExperimentResultID`, `EXPERIMENT_ExperimentID`, `DEMO_DemoID`, `IMPROVEMENT_ImprovementID`, `SENSORS_SensorID`, `RFI_RfiID`, `VEHICLE_VehicleID`, `Adhoc`, `Expert`, `Relevantone`, `Relevanttwo`, `Rfiadd`, `Strength`, `Strengthadd`, `Weak`, `Weakadd`, `Refinement`, `Newapproach`, `Reapplication`, `Collaborate`, `Dataplan`, `Prior`, `Additional`, `Imageq`, `Imageone`) VALUES ('7', '5', '1', '2', NULL, 'A5', NULL, 'Lorem ipsum dolor sit amet, consectetur adipiscing elit. Maecenas ac risus ut est accumsan cursus vel a justo. Suspendisse eleifend metus quis condimentum dictum. Praesent elementum dictum ante in euismod. Cras maximus arcu fringilla metus vulputate, a sollicitudin nisi eleifend. Integer at erat non quam malesuada efficitur lobortis in lacus. In maximus ut ex sed ultricies.', 'Lorem ipsum dolor sit amet, consectetur adipiscing elit. Maecenas ac risus ut est accumsan cursus vel a justo. Suspendisse eleifend metus quis condimentum dictum. Praesent elementum dictum ante in euismod. Cras maximus arcu fringilla metus vulputate, a sollicitudin nisi eleifend. Integer at erat non quam malesuada efficitur lobortis in lacus. In maximus ut ex sed ultricies.', 'Lorem ipsum dolor sit amet, consectetur adipiscing elit. Maecenas ac risus ut est accumsan cursus vel a justo. Suspendisse eleifend metus quis condimentum dictum. Praesent elementum dictum ante in euismod. Cras maximus arcu fringilla metus vulputate, a sollicitudin nisi eleifend. Integer at erat non quam malesuada efficitur lobortis in lacus. In maximus ut ex sed ultricies.', 'Lorem ipsum dolor sit amet, consectetur adipiscing elit. Maecenas ac risus ut est accumsan cursus vel a justo. Suspendisse eleifend metus quis condimentum dictum. Praesent elementum dictum ante in euismod. Cras maximus arcu fringilla metus vulputate, a sollicitudin nisi eleifend. Integer at erat non quam malesuada efficitur lobortis in lacus. In maximus ut ex sed ultricies.', 'Lorem ipsum dolor sit amet, consectetur adipiscing elit. Maecenas ac risus ut est accumsan cursus vel a justo. Suspendisse eleifend metus quis condimentum dictum. Praesent elementum dictum ante in euismod. Cras maximus arcu fringilla metus vulputate, a sollicitudin nisi eleifend. Integer at erat non quam malesuada efficitur lobortis in lacus. In maximus ut ex sed ultricies.', 'Lorem ipsum dolor sit amet, consectetur adipiscing elit. Maecenas ac risus ut est accumsan cursus vel a justo. Suspendisse eleifend metus quis condimentum dictum. Praesent elementum dictum ante in euismod. Cras maximus arcu fringilla metus vulputate, a sollicitudin nisi eleifend. Integer at erat non quam malesuada efficitur lobortis in lacus. In maximus ut ex sed ultricies.', 'Lorem ipsum dolor sit amet, consectetur adipiscing elit. Maecenas ac risus ut est accumsan cursus vel a justo. Suspendisse eleifend metus quis condimentum dictum. Praesent elementum dictum ante in euismod. Cras maximus arcu fringilla metus vulputate, a sollicitudin nisi eleifend. Integer at erat non quam malesuada efficitur lobortis in lacus. In maximus ut ex sed ultricies.', 'Lorem ipsum dolor sit amet, consectetur adipiscing elit. Maecenas ac risus ut est accumsan cursus vel a justo. Suspendisse eleifend metus quis condimentum dictum. Praesent elementum dictum ante in euismod. Cras maximus arcu fringilla metus vulputate, a sollicitudin nisi eleifend. Integer at erat non quam malesuada efficitur lobortis in lacus. In maximus ut ex sed ultricies.', 'Lorem ipsum dolor sit amet, consectetur adipiscing elit. Maecenas ac risus ut est accumsan cursus vel a justo. Suspendisse eleifend metus quis condimentum dictum. Praesent elementum dictum ante in euismod. Cras maximus arcu fringilla metus vulputate, a sollicitudin nisi eleifend. Integer at erat non quam malesuada efficitur lobortis in lacus. In maximus ut ex sed ultricies.', 'Lorem ipsum dolor sit amet, consectetur adipiscing elit. Maecenas ac risus ut est accumsan cursus vel a justo. Suspendisse eleifend metus quis condimentum dictum. Praesent elementum dictum ante in euismod. Cras maximus arcu fringilla metus vulputate, a sollicitudin nisi eleifend. Integer at erat non quam malesuada efficitur lobortis in lacus. In maximus ut ex sed ultricies.', 'Lorem ipsum dolor sit amet, consectetur adipiscing elit. Maecenas ac risus ut est accumsan cursus vel a justo. Suspendisse eleifend metus quis condimentum dictum. Praesent elementum dictum ante in euismod. Cras maximus arcu fringilla metus vulputate, a sollicitudin nisi eleifend. Integer at erat non quam malesuada efficitur lobortis in lacus. In maximus ut ex sed ultricies.', 'Lorem ipsum dolor sit amet, consectetur adipiscing elit. Maecenas ac risus ut est accumsan cursus vel a justo. Suspendisse eleifend metus quis condimentum dictum. Praesent elementum dictum ante in euismod. Cras maximus arcu fringilla metus vulputate, a sollicitudin nisi eleifend. Integer at erat non quam malesuada efficitur lobortis in lacus. In maximus ut ex sed ultricies.', 'Lorem ipsum dolor sit amet, consectetur adipiscing elit. Maecenas ac risus ut est accumsan cursus vel a justo. Suspendisse eleifend metus quis condimentum dictum. Praesent elementum dictum ante in euismod. Cras maximus arcu fringilla metus vulputate, a sollicitudin nisi eleifend. Integer at erat non quam malesuada efficitur lobortis in lacus. In maximus ut ex sed ultricies.', 'Lorem ipsum dolor sit amet, consectetur adipiscing elit. Maecenas ac risus ut est accumsan cursus vel a justo. Suspendisse eleifend metus quis condimentum dictum. Praesent elementum dictum ante in euismod. Cras maximus arcu fringilla metus vulputate, a sollicitudin nisi eleifend. Integer at erat non quam malesuada efficitur lobortis in lacus. In maximus ut ex sed ultricies.', 'Lorem ipsum dolor sit amet, consectetur adipiscing elit. Maecenas ac risus ut est accumsan cursus vel a justo. Suspendisse eleifend metus quis condimentum dictum. Praesent elementum dictum ante in euismod. Cras maximus arcu fringilla metus vulputate, a sollicitudin nisi eleifend. Integer at erat non quam malesuada efficitur lobortis in lacus. In maximus ut ex sed ultricies.', 'Lorem ipsum dolor sit amet, consectetur adipiscing elit. Maecenas ac risus ut est accumsan cursus vel a justo. Suspendisse eleifend metus quis condimentum dictum. Praesent elementum dictum ante in euismod. Cras maximus arcu fringilla metus vulputate, a sollicitudin nisi eleifend. Integer at erat non quam malesuada efficitur lobortis in lacus. In maximus ut ex sed ultricies.', 'test', 'test');
INSERT INTO `mydb`.`EXPERIMENT_RESULTS` (`ExperimentResultID`, `EXPERIMENT_ExperimentID`, `DEMO_DemoID`, `IMPROVEMENT_ImprovementID`, `SENSORS_SensorID`, `RFI_RfiID`, `VEHICLE_VehicleID`, `Adhoc`, `Expert`, `Relevantone`, `Relevanttwo`, `Rfiadd`, `Strength`, `Strengthadd`, `Weak`, `Weakadd`, `Refinement`, `Newapproach`, `Reapplication`, `Collaborate`, `Dataplan`, `Prior`, `Additional`, `Imageq`, `Imageone`) VALUES ('8', '6', '2', '2', '1', 'K', '1', 'Lorem ipsum dolor sit amet, consectetur adipiscing elit. Maecenas ac risus ut est accumsan cursus vel a justo. Suspendisse eleifend metus quis condimentum dictum. Praesent elementum dictum ante in euismod. Cras maximus arcu fringilla metus vulputate, a sollicitudin nisi eleifend. Integer at erat non quam malesuada efficitur lobortis in lacus. In maximus ut ex sed ultricies.', 'Lorem ipsum dolor sit amet, consectetur adipiscing elit. Maecenas ac risus ut est accumsan cursus vel a justo. Suspendisse eleifend metus quis condimentum dictum. Praesent elementum dictum ante in euismod. Cras maximus arcu fringilla metus vulputate, a sollicitudin nisi eleifend. Integer at erat non quam malesuada efficitur lobortis in lacus. In maximus ut ex sed ultricies.', 'Lorem ipsum dolor sit amet, consectetur adipiscing elit. Maecenas ac risus ut est accumsan cursus vel a justo. Suspendisse eleifend metus quis condimentum dictum. Praesent elementum dictum ante in euismod. Cras maximus arcu fringilla metus vulputate, a sollicitudin nisi eleifend. Integer at erat non quam malesuada efficitur lobortis in lacus. In maximus ut ex sed ultricies.', 'Lorem ipsum dolor sit amet, consectetur adipiscing elit. Maecenas ac risus ut est accumsan cursus vel a justo. Suspendisse eleifend metus quis condimentum dictum. Praesent elementum dictum ante in euismod. Cras maximus arcu fringilla metus vulputate, a sollicitudin nisi eleifend. Integer at erat non quam malesuada efficitur lobortis in lacus. In maximus ut ex sed ultricies.', 'Lorem ipsum dolor sit amet, consectetur adipiscing elit. Maecenas ac risus ut est accumsan cursus vel a justo. Suspendisse eleifend metus quis condimentum dictum. Praesent elementum dictum ante in euismod. Cras maximus arcu fringilla metus vulputate, a sollicitudin nisi eleifend. Integer at erat non quam malesuada efficitur lobortis in lacus. In maximus ut ex sed ultricies.', 'Lorem ipsum dolor sit amet, consectetur adipiscing elit. Maecenas ac risus ut est accumsan cursus vel a justo. Suspendisse eleifend metus quis condimentum dictum. Praesent elementum dictum ante in euismod. Cras maximus arcu fringilla metus vulputate, a sollicitudin nisi eleifend. Integer at erat non quam malesuada efficitur lobortis in lacus. In maximus ut ex sed ultricies.', 'Lorem ipsum dolor sit amet, consectetur adipiscing elit. Maecenas ac risus ut est accumsan cursus vel a justo. Suspendisse eleifend metus quis condimentum dictum. Praesent elementum dictum ante in euismod. Cras maximus arcu fringilla metus vulputate, a sollicitudin nisi eleifend. Integer at erat non quam malesuada efficitur lobortis in lacus. In maximus ut ex sed ultricies.', 'Lorem ipsum dolor sit amet, consectetur adipiscing elit. Maecenas ac risus ut est accumsan cursus vel a justo. Suspendisse eleifend metus quis condimentum dictum. Praesent elementum dictum ante in euismod. Cras maximus arcu fringilla metus vulputate, a sollicitudin nisi eleifend. Integer at erat non quam malesuada efficitur lobortis in lacus. In maximus ut ex sed ultricies.', 'Lorem ipsum dolor sit amet, consectetur adipiscing elit. Maecenas ac risus ut est accumsan cursus vel a justo. Suspendisse eleifend metus quis condimentum dictum. Praesent elementum dictum ante in euismod. Cras maximus arcu fringilla metus vulputate, a sollicitudin nisi eleifend. Integer at erat non quam malesuada efficitur lobortis in lacus. In maximus ut ex sed ultricies.', 'Lorem ipsum dolor sit amet, consectetur adipiscing elit. Maecenas ac risus ut est accumsan cursus vel a justo. Suspendisse eleifend metus quis condimentum dictum. Praesent elementum dictum ante in euismod. Cras maximus arcu fringilla metus vulputate, a sollicitudin nisi eleifend. Integer at erat non quam malesuada efficitur lobortis in lacus. In maximus ut ex sed ultricies.', 'Lorem ipsum dolor sit amet, consectetur adipiscing elit. Maecenas ac risus ut est accumsan cursus vel a justo. Suspendisse eleifend metus quis condimentum dictum. Praesent elementum dictum ante in euismod. Cras maximus arcu fringilla metus vulputate, a sollicitudin nisi eleifend. Integer at erat non quam malesuada efficitur lobortis in lacus. In maximus ut ex sed ultricies.', 'Lorem ipsum dolor sit amet, consectetur adipiscing elit. Maecenas ac risus ut est accumsan cursus vel a justo. Suspendisse eleifend metus quis condimentum dictum. Praesent elementum dictum ante in euismod. Cras maximus arcu fringilla metus vulputate, a sollicitudin nisi eleifend. Integer at erat non quam malesuada efficitur lobortis in lacus. In maximus ut ex sed ultricies.', 'Lorem ipsum dolor sit amet, consectetur adipiscing elit. Maecenas ac risus ut est accumsan cursus vel a justo. Suspendisse eleifend metus quis condimentum dictum. Praesent elementum dictum ante in euismod. Cras maximus arcu fringilla metus vulputate, a sollicitudin nisi eleifend. Integer at erat non quam malesuada efficitur lobortis in lacus. In maximus ut ex sed ultricies.', 'Lorem ipsum dolor sit amet, consectetur adipiscing elit. Maecenas ac risus ut est accumsan cursus vel a justo. Suspendisse eleifend metus quis condimentum dictum. Praesent elementum dictum ante in euismod. Cras maximus arcu fringilla metus vulputate, a sollicitudin nisi eleifend. Integer at erat non quam malesuada efficitur lobortis in lacus. In maximus ut ex sed ultricies.', 'Lorem ipsum dolor sit amet, consectetur adipiscing elit. Maecenas ac risus ut est accumsan cursus vel a justo. Suspendisse eleifend metus quis condimentum dictum. Praesent elementum dictum ante in euismod. Cras maximus arcu fringilla metus vulputate, a sollicitudin nisi eleifend. Integer at erat non quam malesuada efficitur lobortis in lacus. In maximus ut ex sed ultricies.', 'Lorem ipsum dolor sit amet, consectetur adipiscing elit. Maecenas ac risus ut est accumsan cursus vel a justo. Suspendisse eleifend metus quis condimentum dictum. Praesent elementum dictum ante in euismod. Cras maximus arcu fringilla metus vulputate, a sollicitudin nisi eleifend. Integer at erat non quam malesuada efficitur lobortis in lacus. In maximus ut ex sed ultricies.', 'test', 'test');
INSERT INTO `mydb`.`EXPERIMENT_RESULTS` (`ExperimentResultID`, `EXPERIMENT_ExperimentID`, `DEMO_DemoID`, `IMPROVEMENT_ImprovementID`, `SENSORS_SensorID`, `RFI_RfiID`, `VEHICLE_VehicleID`, `Adhoc`, `Expert`, `Relevantone`, `Relevanttwo`, `Rfiadd`, `Strength`, `Strengthadd`, `Weak`, `Weakadd`, `Refinement`, `Newapproach`, `Reapplication`, `Collaborate`, `Dataplan`, `Prior`, `Additional`, `Imageq`, `Imageone`) VALUES ('9', '7', '2', '2', '1', 'J3', '6', 'Lorem ipsum dolor sit amet, consectetur adipiscing elit. Maecenas ac risus ut est accumsan cursus vel a justo. Suspendisse eleifend metus quis condimentum dictum. Praesent elementum dictum ante in euismod. Cras maximus arcu fringilla metus vulputate, a sollicitudin nisi eleifend. Integer at erat non quam malesuada efficitur lobortis in lacus. In maximus ut ex sed ultricies.', 'Lorem ipsum dolor sit amet, consectetur adipiscing elit. Maecenas ac risus ut est accumsan cursus vel a justo. Suspendisse eleifend metus quis condimentum dictum. Praesent elementum dictum ante in euismod. Cras maximus arcu fringilla metus vulputate, a sollicitudin nisi eleifend. Integer at erat non quam malesuada efficitur lobortis in lacus. In maximus ut ex sed ultricies.', 'Lorem ipsum dolor sit amet, consectetur adipiscing elit. Maecenas ac risus ut est accumsan cursus vel a justo. Suspendisse eleifend metus quis condimentum dictum. Praesent elementum dictum ante in euismod. Cras maximus arcu fringilla metus vulputate, a sollicitudin nisi eleifend. Integer at erat non quam malesuada efficitur lobortis in lacus. In maximus ut ex sed ultricies.', 'Lorem ipsum dolor sit amet, consectetur adipiscing elit. Maecenas ac risus ut est accumsan cursus vel a justo. Suspendisse eleifend metus quis condimentum dictum. Praesent elementum dictum ante in euismod. Cras maximus arcu fringilla metus vulputate, a sollicitudin nisi eleifend. Integer at erat non quam malesuada efficitur lobortis in lacus. In maximus ut ex sed ultricies.', 'Lorem ipsum dolor sit amet, consectetur adipiscing elit. Maecenas ac risus ut est accumsan cursus vel a justo. Suspendisse eleifend metus quis condimentum dictum. Praesent elementum dictum ante in euismod. Cras maximus arcu fringilla metus vulputate, a sollicitudin nisi eleifend. Integer at erat non quam malesuada efficitur lobortis in lacus. In maximus ut ex sed ultricies.', 'Lorem ipsum dolor sit amet, consectetur adipiscing elit. Maecenas ac risus ut est accumsan cursus vel a justo. Suspendisse eleifend metus quis condimentum dictum. Praesent elementum dictum ante in euismod. Cras maximus arcu fringilla metus vulputate, a sollicitudin nisi eleifend. Integer at erat non quam malesuada efficitur lobortis in lacus. In maximus ut ex sed ultricies.', 'Lorem ipsum dolor sit amet, consectetur adipiscing elit. Maecenas ac risus ut est accumsan cursus vel a justo. Suspendisse eleifend metus quis condimentum dictum. Praesent elementum dictum ante in euismod. Cras maximus arcu fringilla metus vulputate, a sollicitudin nisi eleifend. Integer at erat non quam malesuada efficitur lobortis in lacus. In maximus ut ex sed ultricies.', 'Lorem ipsum dolor sit amet, consectetur adipiscing elit. Maecenas ac risus ut est accumsan cursus vel a justo. Suspendisse eleifend metus quis condimentum dictum. Praesent elementum dictum ante in euismod. Cras maximus arcu fringilla metus vulputate, a sollicitudin nisi eleifend. Integer at erat non quam malesuada efficitur lobortis in lacus. In maximus ut ex sed ultricies.', 'Lorem ipsum dolor sit amet, consectetur adipiscing elit. Maecenas ac risus ut est accumsan cursus vel a justo. Suspendisse eleifend metus quis condimentum dictum. Praesent elementum dictum ante in euismod. Cras maximus arcu fringilla metus vulputate, a sollicitudin nisi eleifend. Integer at erat non quam malesuada efficitur lobortis in lacus. In maximus ut ex sed ultricies.', 'Lorem ipsum dolor sit amet, consectetur adipiscing elit. Maecenas ac risus ut est accumsan cursus vel a justo. Suspendisse eleifend metus quis condimentum dictum. Praesent elementum dictum ante in euismod. Cras maximus arcu fringilla metus vulputate, a sollicitudin nisi eleifend. Integer at erat non quam malesuada efficitur lobortis in lacus. In maximus ut ex sed ultricies.', 'Lorem ipsum dolor sit amet, consectetur adipiscing elit. Maecenas ac risus ut est accumsan cursus vel a justo. Suspendisse eleifend metus quis condimentum dictum. Praesent elementum dictum ante in euismod. Cras maximus arcu fringilla metus vulputate, a sollicitudin nisi eleifend. Integer at erat non quam malesuada efficitur lobortis in lacus. In maximus ut ex sed ultricies.', 'Lorem ipsum dolor sit amet, consectetur adipiscing elit. Maecenas ac risus ut est accumsan cursus vel a justo. Suspendisse eleifend metus quis condimentum dictum. Praesent elementum dictum ante in euismod. Cras maximus arcu fringilla metus vulputate, a sollicitudin nisi eleifend. Integer at erat non quam malesuada efficitur lobortis in lacus. In maximus ut ex sed ultricies.', 'Lorem ipsum dolor sit amet, consectetur adipiscing elit. Maecenas ac risus ut est accumsan cursus vel a justo. Suspendisse eleifend metus quis condimentum dictum. Praesent elementum dictum ante in euismod. Cras maximus arcu fringilla metus vulputate, a sollicitudin nisi eleifend. Integer at erat non quam malesuada efficitur lobortis in lacus. In maximus ut ex sed ultricies.', 'Lorem ipsum dolor sit amet, consectetur adipiscing elit. Maecenas ac risus ut est accumsan cursus vel a justo. Suspendisse eleifend metus quis condimentum dictum. Praesent elementum dictum ante in euismod. Cras maximus arcu fringilla metus vulputate, a sollicitudin nisi eleifend. Integer at erat non quam malesuada efficitur lobortis in lacus. In maximus ut ex sed ultricies.', 'Lorem ipsum dolor sit amet, consectetur adipiscing elit. Maecenas ac risus ut est accumsan cursus vel a justo. Suspendisse eleifend metus quis condimentum dictum. Praesent elementum dictum ante in euismod. Cras maximus arcu fringilla metus vulputate, a sollicitudin nisi eleifend. Integer at erat non quam malesuada efficitur lobortis in lacus. In maximus ut ex sed ultricies.', 'Lorem ipsum dolor sit amet, consectetur adipiscing elit. Maecenas ac risus ut est accumsan cursus vel a justo. Suspendisse eleifend metus quis condimentum dictum. Praesent elementum dictum ante in euismod. Cras maximus arcu fringilla metus vulputate, a sollicitudin nisi eleifend. Integer at erat non quam malesuada efficitur lobortis in lacus. In maximus ut ex sed ultricies.', 'test', 'test');
INSERT INTO `mydb`.`EXPERIMENT_RESULTS` (`ExperimentResultID`, `EXPERIMENT_ExperimentID`, `DEMO_DemoID`, `IMPROVEMENT_ImprovementID`, `SENSORS_SensorID`, `RFI_RfiID`, `VEHICLE_VehicleID`, `Adhoc`, `Expert`, `Relevantone`, `Relevanttwo`, `Rfiadd`, `Strength`, `Strengthadd`, `Weak`, `Weakadd`, `Refinement`, `Newapproach`, `Reapplication`, `Collaborate`, `Dataplan`, `Prior`, `Additional`, `Imageq`, `Imageone`) VALUES ('10', '7', '2', '2', '1', 'J3', '7', 'Lorem ipsum dolor sit amet, consectetur adipiscing elit. Maecenas ac risus ut est accumsan cursus vel a justo. Suspendisse eleifend metus quis condimentum dictum. Praesent elementum dictum ante in euismod. Cras maximus arcu fringilla metus vulputate, a sollicitudin nisi eleifend. Integer at erat non quam malesuada efficitur lobortis in lacus. In maximus ut ex sed ultricies.', 'Lorem ipsum dolor sit amet, consectetur adipiscing elit. Maecenas ac risus ut est accumsan cursus vel a justo. Suspendisse eleifend metus quis condimentum dictum. Praesent elementum dictum ante in euismod. Cras maximus arcu fringilla metus vulputate, a sollicitudin nisi eleifend. Integer at erat non quam malesuada efficitur lobortis in lacus. In maximus ut ex sed ultricies.', 'Lorem ipsum dolor sit amet, consectetur adipiscing elit. Maecenas ac risus ut est accumsan cursus vel a justo. Suspendisse eleifend metus quis condimentum dictum. Praesent elementum dictum ante in euismod. Cras maximus arcu fringilla metus vulputate, a sollicitudin nisi eleifend. Integer at erat non quam malesuada efficitur lobortis in lacus. In maximus ut ex sed ultricies.', 'Lorem ipsum dolor sit amet, consectetur adipiscing elit. Maecenas ac risus ut est accumsan cursus vel a justo. Suspendisse eleifend metus quis condimentum dictum. Praesent elementum dictum ante in euismod. Cras maximus arcu fringilla metus vulputate, a sollicitudin nisi eleifend. Integer at erat non quam malesuada efficitur lobortis in lacus. In maximus ut ex sed ultricies.', 'Lorem ipsum dolor sit amet, consectetur adipiscing elit. Maecenas ac risus ut est accumsan cursus vel a justo. Suspendisse eleifend metus quis condimentum dictum. Praesent elementum dictum ante in euismod. Cras maximus arcu fringilla metus vulputate, a sollicitudin nisi eleifend. Integer at erat non quam malesuada efficitur lobortis in lacus. In maximus ut ex sed ultricies.', 'Lorem ipsum dolor sit amet, consectetur adipiscing elit. Maecenas ac risus ut est accumsan cursus vel a justo. Suspendisse eleifend metus quis condimentum dictum. Praesent elementum dictum ante in euismod. Cras maximus arcu fringilla metus vulputate, a sollicitudin nisi eleifend. Integer at erat non quam malesuada efficitur lobortis in lacus. In maximus ut ex sed ultricies.', 'Lorem ipsum dolor sit amet, consectetur adipiscing elit. Maecenas ac risus ut est accumsan cursus vel a justo. Suspendisse eleifend metus quis condimentum dictum. Praesent elementum dictum ante in euismod. Cras maximus arcu fringilla metus vulputate, a sollicitudin nisi eleifend. Integer at erat non quam malesuada efficitur lobortis in lacus. In maximus ut ex sed ultricies.', 'Lorem ipsum dolor sit amet, consectetur adipiscing elit. Maecenas ac risus ut est accumsan cursus vel a justo. Suspendisse eleifend metus quis condimentum dictum. Praesent elementum dictum ante in euismod. Cras maximus arcu fringilla metus vulputate, a sollicitudin nisi eleifend. Integer at erat non quam malesuada efficitur lobortis in lacus. In maximus ut ex sed ultricies.', 'Lorem ipsum dolor sit amet, consectetur adipiscing elit. Maecenas ac risus ut est accumsan cursus vel a justo. Suspendisse eleifend metus quis condimentum dictum. Praesent elementum dictum ante in euismod. Cras maximus arcu fringilla metus vulputate, a sollicitudin nisi eleifend. Integer at erat non quam malesuada efficitur lobortis in lacus. In maximus ut ex sed ultricies.', 'Lorem ipsum dolor sit amet, consectetur adipiscing elit. Maecenas ac risus ut est accumsan cursus vel a justo. Suspendisse eleifend metus quis condimentum dictum. Praesent elementum dictum ante in euismod. Cras maximus arcu fringilla metus vulputate, a sollicitudin nisi eleifend. Integer at erat non quam malesuada efficitur lobortis in lacus. In maximus ut ex sed ultricies.', 'Lorem ipsum dolor sit amet, consectetur adipiscing elit. Maecenas ac risus ut est accumsan cursus vel a justo. Suspendisse eleifend metus quis condimentum dictum. Praesent elementum dictum ante in euismod. Cras maximus arcu fringilla metus vulputate, a sollicitudin nisi eleifend. Integer at erat non quam malesuada efficitur lobortis in lacus. In maximus ut ex sed ultricies.', 'Lorem ipsum dolor sit amet, consectetur adipiscing elit. Maecenas ac risus ut est accumsan cursus vel a justo. Suspendisse eleifend metus quis condimentum dictum. Praesent elementum dictum ante in euismod. Cras maximus arcu fringilla metus vulputate, a sollicitudin nisi eleifend. Integer at erat non quam malesuada efficitur lobortis in lacus. In maximus ut ex sed ultricies.', 'Lorem ipsum dolor sit amet, consectetur adipiscing elit. Maecenas ac risus ut est accumsan cursus vel a justo. Suspendisse eleifend metus quis condimentum dictum. Praesent elementum dictum ante in euismod. Cras maximus arcu fringilla metus vulputate, a sollicitudin nisi eleifend. Integer at erat non quam malesuada efficitur lobortis in lacus. In maximus ut ex sed ultricies.', 'Lorem ipsum dolor sit amet, consectetur adipiscing elit. Maecenas ac risus ut est accumsan cursus vel a justo. Suspendisse eleifend metus quis condimentum dictum. Praesent elementum dictum ante in euismod. Cras maximus arcu fringilla metus vulputate, a sollicitudin nisi eleifend. Integer at erat non quam malesuada efficitur lobortis in lacus. In maximus ut ex sed ultricies.', 'Lorem ipsum dolor sit amet, consectetur adipiscing elit. Maecenas ac risus ut est accumsan cursus vel a justo. Suspendisse eleifend metus quis condimentum dictum. Praesent elementum dictum ante in euismod. Cras maximus arcu fringilla metus vulputate, a sollicitudin nisi eleifend. Integer at erat non quam malesuada efficitur lobortis in lacus. In maximus ut ex sed ultricies.', 'Lorem ipsum dolor sit amet, consectetur adipiscing elit. Maecenas ac risus ut est accumsan cursus vel a justo. Suspendisse eleifend metus quis condimentum dictum. Praesent elementum dictum ante in euismod. Cras maximus arcu fringilla metus vulputate, a sollicitudin nisi eleifend. Integer at erat non quam malesuada efficitur lobortis in lacus. In maximus ut ex sed ultricies.', 'test', 'test');
INSERT INTO `mydb`.`EXPERIMENT_RESULTS` (`ExperimentResultID`, `EXPERIMENT_ExperimentID`, `DEMO_DemoID`, `IMPROVEMENT_ImprovementID`, `SENSORS_SensorID`, `RFI_RfiID`, `VEHICLE_VehicleID`, `Adhoc`, `Expert`, `Relevantone`, `Relevanttwo`, `Rfiadd`, `Strength`, `Strengthadd`, `Weak`, `Weakadd`, `Refinement`, `Newapproach`, `Reapplication`, `Collaborate`, `Dataplan`, `Prior`, `Additional`, `Imageq`, `Imageone`) VALUES ('11', '7', '2', '2', '1', 'J3', '8', 'Lorem ipsum dolor sit amet, consectetur adipiscing elit. Maecenas ac risus ut est accumsan cursus vel a justo. Suspendisse eleifend metus quis condimentum dictum. Praesent elementum dictum ante in euismod. Cras maximus arcu fringilla metus vulputate, a sollicitudin nisi eleifend. Integer at erat non quam malesuada efficitur lobortis in lacus. In maximus ut ex sed ultricies.', 'Lorem ipsum dolor sit amet, consectetur adipiscing elit. Maecenas ac risus ut est accumsan cursus vel a justo. Suspendisse eleifend metus quis condimentum dictum. Praesent elementum dictum ante in euismod. Cras maximus arcu fringilla metus vulputate, a sollicitudin nisi eleifend. Integer at erat non quam malesuada efficitur lobortis in lacus. In maximus ut ex sed ultricies.', 'Lorem ipsum dolor sit amet, consectetur adipiscing elit. Maecenas ac risus ut est accumsan cursus vel a justo. Suspendisse eleifend metus quis condimentum dictum. Praesent elementum dictum ante in euismod. Cras maximus arcu fringilla metus vulputate, a sollicitudin nisi eleifend. Integer at erat non quam malesuada efficitur lobortis in lacus. In maximus ut ex sed ultricies.', 'Lorem ipsum dolor sit amet, consectetur adipiscing elit. Maecenas ac risus ut est accumsan cursus vel a justo. Suspendisse eleifend metus quis condimentum dictum. Praesent elementum dictum ante in euismod. Cras maximus arcu fringilla metus vulputate, a sollicitudin nisi eleifend. Integer at erat non quam malesuada efficitur lobortis in lacus. In maximus ut ex sed ultricies.', 'Lorem ipsum dolor sit amet, consectetur adipiscing elit. Maecenas ac risus ut est accumsan cursus vel a justo. Suspendisse eleifend metus quis condimentum dictum. Praesent elementum dictum ante in euismod. Cras maximus arcu fringilla metus vulputate, a sollicitudin nisi eleifend. Integer at erat non quam malesuada efficitur lobortis in lacus. In maximus ut ex sed ultricies.', 'Lorem ipsum dolor sit amet, consectetur adipiscing elit. Maecenas ac risus ut est accumsan cursus vel a justo. Suspendisse eleifend metus quis condimentum dictum. Praesent elementum dictum ante in euismod. Cras maximus arcu fringilla metus vulputate, a sollicitudin nisi eleifend. Integer at erat non quam malesuada efficitur lobortis in lacus. In maximus ut ex sed ultricies.', 'Lorem ipsum dolor sit amet, consectetur adipiscing elit. Maecenas ac risus ut est accumsan cursus vel a justo. Suspendisse eleifend metus quis condimentum dictum. Praesent elementum dictum ante in euismod. Cras maximus arcu fringilla metus vulputate, a sollicitudin nisi eleifend. Integer at erat non quam malesuada efficitur lobortis in lacus. In maximus ut ex sed ultricies.', 'Lorem ipsum dolor sit amet, consectetur adipiscing elit. Maecenas ac risus ut est accumsan cursus vel a justo. Suspendisse eleifend metus quis condimentum dictum. Praesent elementum dictum ante in euismod. Cras maximus arcu fringilla metus vulputate, a sollicitudin nisi eleifend. Integer at erat non quam malesuada efficitur lobortis in lacus. In maximus ut ex sed ultricies.', 'Lorem ipsum dolor sit amet, consectetur adipiscing elit. Maecenas ac risus ut est accumsan cursus vel a justo. Suspendisse eleifend metus quis condimentum dictum. Praesent elementum dictum ante in euismod. Cras maximus arcu fringilla metus vulputate, a sollicitudin nisi eleifend. Integer at erat non quam malesuada efficitur lobortis in lacus. In maximus ut ex sed ultricies.', 'Lorem ipsum dolor sit amet, consectetur adipiscing elit. Maecenas ac risus ut est accumsan cursus vel a justo. Suspendisse eleifend metus quis condimentum dictum. Praesent elementum dictum ante in euismod. Cras maximus arcu fringilla metus vulputate, a sollicitudin nisi eleifend. Integer at erat non quam malesuada efficitur lobortis in lacus. In maximus ut ex sed ultricies.', 'Lorem ipsum dolor sit amet, consectetur adipiscing elit. Maecenas ac risus ut est accumsan cursus vel a justo. Suspendisse eleifend metus quis condimentum dictum. Praesent elementum dictum ante in euismod. Cras maximus arcu fringilla metus vulputate, a sollicitudin nisi eleifend. Integer at erat non quam malesuada efficitur lobortis in lacus. In maximus ut ex sed ultricies.', 'Lorem ipsum dolor sit amet, consectetur adipiscing elit. Maecenas ac risus ut est accumsan cursus vel a justo. Suspendisse eleifend metus quis condimentum dictum. Praesent elementum dictum ante in euismod. Cras maximus arcu fringilla metus vulputate, a sollicitudin nisi eleifend. Integer at erat non quam malesuada efficitur lobortis in lacus. In maximus ut ex sed ultricies.', 'Lorem ipsum dolor sit amet, consectetur adipiscing elit. Maecenas ac risus ut est accumsan cursus vel a justo. Suspendisse eleifend metus quis condimentum dictum. Praesent elementum dictum ante in euismod. Cras maximus arcu fringilla metus vulputate, a sollicitudin nisi eleifend. Integer at erat non quam malesuada efficitur lobortis in lacus. In maximus ut ex sed ultricies.', 'Lorem ipsum dolor sit amet, consectetur adipiscing elit. Maecenas ac risus ut est accumsan cursus vel a justo. Suspendisse eleifend metus quis condimentum dictum. Praesent elementum dictum ante in euismod. Cras maximus arcu fringilla metus vulputate, a sollicitudin nisi eleifend. Integer at erat non quam malesuada efficitur lobortis in lacus. In maximus ut ex sed ultricies.', 'Lorem ipsum dolor sit amet, consectetur adipiscing elit. Maecenas ac risus ut est accumsan cursus vel a justo. Suspendisse eleifend metus quis condimentum dictum. Praesent elementum dictum ante in euismod. Cras maximus arcu fringilla metus vulputate, a sollicitudin nisi eleifend. Integer at erat non quam malesuada efficitur lobortis in lacus. In maximus ut ex sed ultricies.', 'Lorem ipsum dolor sit amet, consectetur adipiscing elit. Maecenas ac risus ut est accumsan cursus vel a justo. Suspendisse eleifend metus quis condimentum dictum. Praesent elementum dictum ante in euismod. Cras maximus arcu fringilla metus vulputate, a sollicitudin nisi eleifend. Integer at erat non quam malesuada efficitur lobortis in lacus. In maximus ut ex sed ultricies.', 'test', 'test');
INSERT INTO `mydb`.`EXPERIMENT_RESULTS` (`ExperimentResultID`, `EXPERIMENT_ExperimentID`, `DEMO_DemoID`, `IMPROVEMENT_ImprovementID`, `SENSORS_SensorID`, `RFI_RfiID`, `VEHICLE_VehicleID`, `Adhoc`, `Expert`, `Relevantone`, `Relevanttwo`, `Rfiadd`, `Strength`, `Strengthadd`, `Weak`, `Weakadd`, `Refinement`, `Newapproach`, `Reapplication`, `Collaborate`, `Dataplan`, `Prior`, `Additional`, `Imageq`, `Imageone`) VALUES ('12', '8', '1', '2', '2', 'A10', '3', 'Lorem ipsum dolor sit amet, consectetur adipiscing elit. Maecenas ac risus ut est accumsan cursus vel a justo. Suspendisse eleifend metus quis condimentum dictum. Praesent elementum dictum ante in euismod. Cras maximus arcu fringilla metus vulputate, a sollicitudin nisi eleifend. Integer at erat non quam malesuada efficitur lobortis in lacus. In maximus ut ex sed ultricies.', 'Lorem ipsum dolor sit amet, consectetur adipiscing elit. Maecenas ac risus ut est accumsan cursus vel a justo. Suspendisse eleifend metus quis condimentum dictum. Praesent elementum dictum ante in euismod. Cras maximus arcu fringilla metus vulputate, a sollicitudin nisi eleifend. Integer at erat non quam malesuada efficitur lobortis in lacus. In maximus ut ex sed ultricies.', 'Lorem ipsum dolor sit amet, consectetur adipiscing elit. Maecenas ac risus ut est accumsan cursus vel a justo. Suspendisse eleifend metus quis condimentum dictum. Praesent elementum dictum ante in euismod. Cras maximus arcu fringilla metus vulputate, a sollicitudin nisi eleifend. Integer at erat non quam malesuada efficitur lobortis in lacus. In maximus ut ex sed ultricies.', 'Lorem ipsum dolor sit amet, consectetur adipiscing elit. Maecenas ac risus ut est accumsan cursus vel a justo. Suspendisse eleifend metus quis condimentum dictum. Praesent elementum dictum ante in euismod. Cras maximus arcu fringilla metus vulputate, a sollicitudin nisi eleifend. Integer at erat non quam malesuada efficitur lobortis in lacus. In maximus ut ex sed ultricies.', 'Lorem ipsum dolor sit amet, consectetur adipiscing elit. Maecenas ac risus ut est accumsan cursus vel a justo. Suspendisse eleifend metus quis condimentum dictum. Praesent elementum dictum ante in euismod. Cras maximus arcu fringilla metus vulputate, a sollicitudin nisi eleifend. Integer at erat non quam malesuada efficitur lobortis in lacus. In maximus ut ex sed ultricies.', 'Lorem ipsum dolor sit amet, consectetur adipiscing elit. Maecenas ac risus ut est accumsan cursus vel a justo. Suspendisse eleifend metus quis condimentum dictum. Praesent elementum dictum ante in euismod. Cras maximus arcu fringilla metus vulputate, a sollicitudin nisi eleifend. Integer at erat non quam malesuada efficitur lobortis in lacus. In maximus ut ex sed ultricies.', 'Lorem ipsum dolor sit amet, consectetur adipiscing elit. Maecenas ac risus ut est accumsan cursus vel a justo. Suspendisse eleifend metus quis condimentum dictum. Praesent elementum dictum ante in euismod. Cras maximus arcu fringilla metus vulputate, a sollicitudin nisi eleifend. Integer at erat non quam malesuada efficitur lobortis in lacus. In maximus ut ex sed ultricies.', 'Lorem ipsum dolor sit amet, consectetur adipiscing elit. Maecenas ac risus ut est accumsan cursus vel a justo. Suspendisse eleifend metus quis condimentum dictum. Praesent elementum dictum ante in euismod. Cras maximus arcu fringilla metus vulputate, a sollicitudin nisi eleifend. Integer at erat non quam malesuada efficitur lobortis in lacus. In maximus ut ex sed ultricies.', 'Lorem ipsum dolor sit amet, consectetur adipiscing elit. Maecenas ac risus ut est accumsan cursus vel a justo. Suspendisse eleifend metus quis condimentum dictum. Praesent elementum dictum ante in euismod. Cras maximus arcu fringilla metus vulputate, a sollicitudin nisi eleifend. Integer at erat non quam malesuada efficitur lobortis in lacus. In maximus ut ex sed ultricies.', 'Lorem ipsum dolor sit amet, consectetur adipiscing elit. Maecenas ac risus ut est accumsan cursus vel a justo. Suspendisse eleifend metus quis condimentum dictum. Praesent elementum dictum ante in euismod. Cras maximus arcu fringilla metus vulputate, a sollicitudin nisi eleifend. Integer at erat non quam malesuada efficitur lobortis in lacus. In maximus ut ex sed ultricies.', 'Lorem ipsum dolor sit amet, consectetur adipiscing elit. Maecenas ac risus ut est accumsan cursus vel a justo. Suspendisse eleifend metus quis condimentum dictum. Praesent elementum dictum ante in euismod. Cras maximus arcu fringilla metus vulputate, a sollicitudin nisi eleifend. Integer at erat non quam malesuada efficitur lobortis in lacus. In maximus ut ex sed ultricies.', 'Lorem ipsum dolor sit amet, consectetur adipiscing elit. Maecenas ac risus ut est accumsan cursus vel a justo. Suspendisse eleifend metus quis condimentum dictum. Praesent elementum dictum ante in euismod. Cras maximus arcu fringilla metus vulputate, a sollicitudin nisi eleifend. Integer at erat non quam malesuada efficitur lobortis in lacus. In maximus ut ex sed ultricies.', 'Lorem ipsum dolor sit amet, consectetur adipiscing elit. Maecenas ac risus ut est accumsan cursus vel a justo. Suspendisse eleifend metus quis condimentum dictum. Praesent elementum dictum ante in euismod. Cras maximus arcu fringilla metus vulputate, a sollicitudin nisi eleifend. Integer at erat non quam malesuada efficitur lobortis in lacus. In maximus ut ex sed ultricies.', 'Lorem ipsum dolor sit amet, consectetur adipiscing elit. Maecenas ac risus ut est accumsan cursus vel a justo. Suspendisse eleifend metus quis condimentum dictum. Praesent elementum dictum ante in euismod. Cras maximus arcu fringilla metus vulputate, a sollicitudin nisi eleifend. Integer at erat non quam malesuada efficitur lobortis in lacus. In maximus ut ex sed ultricies.', 'Lorem ipsum dolor sit amet, consectetur adipiscing elit. Maecenas ac risus ut est accumsan cursus vel a justo. Suspendisse eleifend metus quis condimentum dictum. Praesent elementum dictum ante in euismod. Cras maximus arcu fringilla metus vulputate, a sollicitudin nisi eleifend. Integer at erat non quam malesuada efficitur lobortis in lacus. In maximus ut ex sed ultricies.', 'Lorem ipsum dolor sit amet, consectetur adipiscing elit. Maecenas ac risus ut est accumsan cursus vel a justo. Suspendisse eleifend metus quis condimentum dictum. Praesent elementum dictum ante in euismod. Cras maximus arcu fringilla metus vulputate, a sollicitudin nisi eleifend. Integer at erat non quam malesuada efficitur lobortis in lacus. In maximus ut ex sed ultricies.', 'test', 'test');
INSERT INTO `mydb`.`EXPERIMENT_RESULTS` (`ExperimentResultID`, `EXPERIMENT_ExperimentID`, `DEMO_DemoID`, `IMPROVEMENT_ImprovementID`, `SENSORS_SensorID`, `RFI_RfiID`, `VEHICLE_VehicleID`, `Adhoc`, `Expert`, `Relevantone`, `Relevanttwo`, `Rfiadd`, `Strength`, `Strengthadd`, `Weak`, `Weakadd`, `Refinement`, `Newapproach`, `Reapplication`, `Collaborate`, `Dataplan`, `Prior`, `Additional`, `Imageq`, `Imageone`) VALUES ('13', '9', '1', '2', NULL, 'J3', '6', 'Lorem ipsum dolor sit amet, consectetur adipiscing elit. Maecenas ac risus ut est accumsan cursus vel a justo. Suspendisse eleifend metus quis condimentum dictum. Praesent elementum dictum ante in euismod. Cras maximus arcu fringilla metus vulputate, a sollicitudin nisi eleifend. Integer at erat non quam malesuada efficitur lobortis in lacus. In maximus ut ex sed ultricies.', 'Lorem ipsum dolor sit amet, consectetur adipiscing elit. Maecenas ac risus ut est accumsan cursus vel a justo. Suspendisse eleifend metus quis condimentum dictum. Praesent elementum dictum ante in euismod. Cras maximus arcu fringilla metus vulputate, a sollicitudin nisi eleifend. Integer at erat non quam malesuada efficitur lobortis in lacus. In maximus ut ex sed ultricies.', 'Lorem ipsum dolor sit amet, consectetur adipiscing elit. Maecenas ac risus ut est accumsan cursus vel a justo. Suspendisse eleifend metus quis condimentum dictum. Praesent elementum dictum ante in euismod. Cras maximus arcu fringilla metus vulputate, a sollicitudin nisi eleifend. Integer at erat non quam malesuada efficitur lobortis in lacus. In maximus ut ex sed ultricies.', 'Lorem ipsum dolor sit amet, consectetur adipiscing elit. Maecenas ac risus ut est accumsan cursus vel a justo. Suspendisse eleifend metus quis condimentum dictum. Praesent elementum dictum ante in euismod. Cras maximus arcu fringilla metus vulputate, a sollicitudin nisi eleifend. Integer at erat non quam malesuada efficitur lobortis in lacus. In maximus ut ex sed ultricies.', 'Lorem ipsum dolor sit amet, consectetur adipiscing elit. Maecenas ac risus ut est accumsan cursus vel a justo. Suspendisse eleifend metus quis condimentum dictum. Praesent elementum dictum ante in euismod. Cras maximus arcu fringilla metus vulputate, a sollicitudin nisi eleifend. Integer at erat non quam malesuada efficitur lobortis in lacus. In maximus ut ex sed ultricies.', 'Lorem ipsum dolor sit amet, consectetur adipiscing elit. Maecenas ac risus ut est accumsan cursus vel a justo. Suspendisse eleifend metus quis condimentum dictum. Praesent elementum dictum ante in euismod. Cras maximus arcu fringilla metus vulputate, a sollicitudin nisi eleifend. Integer at erat non quam malesuada efficitur lobortis in lacus. In maximus ut ex sed ultricies.', 'Lorem ipsum dolor sit amet, consectetur adipiscing elit. Maecenas ac risus ut est accumsan cursus vel a justo. Suspendisse eleifend metus quis condimentum dictum. Praesent elementum dictum ante in euismod. Cras maximus arcu fringilla metus vulputate, a sollicitudin nisi eleifend. Integer at erat non quam malesuada efficitur lobortis in lacus. In maximus ut ex sed ultricies.', 'Lorem ipsum dolor sit amet, consectetur adipiscing elit. Maecenas ac risus ut est accumsan cursus vel a justo. Suspendisse eleifend metus quis condimentum dictum. Praesent elementum dictum ante in euismod. Cras maximus arcu fringilla metus vulputate, a sollicitudin nisi eleifend. Integer at erat non quam malesuada efficitur lobortis in lacus. In maximus ut ex sed ultricies.', 'Lorem ipsum dolor sit amet, consectetur adipiscing elit. Maecenas ac risus ut est accumsan cursus vel a justo. Suspendisse eleifend metus quis condimentum dictum. Praesent elementum dictum ante in euismod. Cras maximus arcu fringilla metus vulputate, a sollicitudin nisi eleifend. Integer at erat non quam malesuada efficitur lobortis in lacus. In maximus ut ex sed ultricies.', 'Lorem ipsum dolor sit amet, consectetur adipiscing elit. Maecenas ac risus ut est accumsan cursus vel a justo. Suspendisse eleifend metus quis condimentum dictum. Praesent elementum dictum ante in euismod. Cras maximus arcu fringilla metus vulputate, a sollicitudin nisi eleifend. Integer at erat non quam malesuada efficitur lobortis in lacus. In maximus ut ex sed ultricies.', 'Lorem ipsum dolor sit amet, consectetur adipiscing elit. Maecenas ac risus ut est accumsan cursus vel a justo. Suspendisse eleifend metus quis condimentum dictum. Praesent elementum dictum ante in euismod. Cras maximus arcu fringilla metus vulputate, a sollicitudin nisi eleifend. Integer at erat non quam malesuada efficitur lobortis in lacus. In maximus ut ex sed ultricies.', 'Lorem ipsum dolor sit amet, consectetur adipiscing elit. Maecenas ac risus ut est accumsan cursus vel a justo. Suspendisse eleifend metus quis condimentum dictum. Praesent elementum dictum ante in euismod. Cras maximus arcu fringilla metus vulputate, a sollicitudin nisi eleifend. Integer at erat non quam malesuada efficitur lobortis in lacus. In maximus ut ex sed ultricies.', 'Lorem ipsum dolor sit amet, consectetur adipiscing elit. Maecenas ac risus ut est accumsan cursus vel a justo. Suspendisse eleifend metus quis condimentum dictum. Praesent elementum dictum ante in euismod. Cras maximus arcu fringilla metus vulputate, a sollicitudin nisi eleifend. Integer at erat non quam malesuada efficitur lobortis in lacus. In maximus ut ex sed ultricies.', 'Lorem ipsum dolor sit amet, consectetur adipiscing elit. Maecenas ac risus ut est accumsan cursus vel a justo. Suspendisse eleifend metus quis condimentum dictum. Praesent elementum dictum ante in euismod. Cras maximus arcu fringilla metus vulputate, a sollicitudin nisi eleifend. Integer at erat non quam malesuada efficitur lobortis in lacus. In maximus ut ex sed ultricies.', 'Lorem ipsum dolor sit amet, consectetur adipiscing elit. Maecenas ac risus ut est accumsan cursus vel a justo. Suspendisse eleifend metus quis condimentum dictum. Praesent elementum dictum ante in euismod. Cras maximus arcu fringilla metus vulputate, a sollicitudin nisi eleifend. Integer at erat non quam malesuada efficitur lobortis in lacus. In maximus ut ex sed ultricies.', 'Lorem ipsum dolor sit amet, consectetur adipiscing elit. Maecenas ac risus ut est accumsan cursus vel a justo. Suspendisse eleifend metus quis condimentum dictum. Praesent elementum dictum ante in euismod. Cras maximus arcu fringilla metus vulputate, a sollicitudin nisi eleifend. Integer at erat non quam malesuada efficitur lobortis in lacus. In maximus ut ex sed ultricies.', 'test', 'test');
INSERT INTO `mydb`.`EXPERIMENT_RESULTS` (`ExperimentResultID`, `EXPERIMENT_ExperimentID`, `DEMO_DemoID`, `IMPROVEMENT_ImprovementID`, `SENSORS_SensorID`, `RFI_RfiID`, `VEHICLE_VehicleID`, `Adhoc`, `Expert`, `Relevantone`, `Relevanttwo`, `Rfiadd`, `Strength`, `Strengthadd`, `Weak`, `Weakadd`, `Refinement`, `Newapproach`, `Reapplication`, `Collaborate`, `Dataplan`, `Prior`, `Additional`, `Imageq`, `Imageone`) VALUES ('14', '10', '1', '2', '3', 'J3', '7', 'Lorem ipsum dolor sit amet, consectetur adipiscing elit. Maecenas ac risus ut est accumsan cursus vel a justo. Suspendisse eleifend metus quis condimentum dictum. Praesent elementum dictum ante in euismod. Cras maximus arcu fringilla metus vulputate, a sollicitudin nisi eleifend. Integer at erat non quam malesuada efficitur lobortis in lacus. In maximus ut ex sed ultricies.', 'Lorem ipsum dolor sit amet, consectetur adipiscing elit. Maecenas ac risus ut est accumsan cursus vel a justo. Suspendisse eleifend metus quis condimentum dictum. Praesent elementum dictum ante in euismod. Cras maximus arcu fringilla metus vulputate, a sollicitudin nisi eleifend. Integer at erat non quam malesuada efficitur lobortis in lacus. In maximus ut ex sed ultricies.', 'Lorem ipsum dolor sit amet, consectetur adipiscing elit. Maecenas ac risus ut est accumsan cursus vel a justo. Suspendisse eleifend metus quis condimentum dictum. Praesent elementum dictum ante in euismod. Cras maximus arcu fringilla metus vulputate, a sollicitudin nisi eleifend. Integer at erat non quam malesuada efficitur lobortis in lacus. In maximus ut ex sed ultricies.', 'Lorem ipsum dolor sit amet, consectetur adipiscing elit. Maecenas ac risus ut est accumsan cursus vel a justo. Suspendisse eleifend metus quis condimentum dictum. Praesent elementum dictum ante in euismod. Cras maximus arcu fringilla metus vulputate, a sollicitudin nisi eleifend. Integer at erat non quam malesuada efficitur lobortis in lacus. In maximus ut ex sed ultricies.', 'Lorem ipsum dolor sit amet, consectetur adipiscing elit. Maecenas ac risus ut est accumsan cursus vel a justo. Suspendisse eleifend metus quis condimentum dictum. Praesent elementum dictum ante in euismod. Cras maximus arcu fringilla metus vulputate, a sollicitudin nisi eleifend. Integer at erat non quam malesuada efficitur lobortis in lacus. In maximus ut ex sed ultricies.', 'Lorem ipsum dolor sit amet, consectetur adipiscing elit. Maecenas ac risus ut est accumsan cursus vel a justo. Suspendisse eleifend metus quis condimentum dictum. Praesent elementum dictum ante in euismod. Cras maximus arcu fringilla metus vulputate, a sollicitudin nisi eleifend. Integer at erat non quam malesuada efficitur lobortis in lacus. In maximus ut ex sed ultricies.', 'Lorem ipsum dolor sit amet, consectetur adipiscing elit. Maecenas ac risus ut est accumsan cursus vel a justo. Suspendisse eleifend metus quis condimentum dictum. Praesent elementum dictum ante in euismod. Cras maximus arcu fringilla metus vulputate, a sollicitudin nisi eleifend. Integer at erat non quam malesuada efficitur lobortis in lacus. In maximus ut ex sed ultricies.', 'Lorem ipsum dolor sit amet, consectetur adipiscing elit. Maecenas ac risus ut est accumsan cursus vel a justo. Suspendisse eleifend metus quis condimentum dictum. Praesent elementum dictum ante in euismod. Cras maximus arcu fringilla metus vulputate, a sollicitudin nisi eleifend. Integer at erat non quam malesuada efficitur lobortis in lacus. In maximus ut ex sed ultricies.', 'Lorem ipsum dolor sit amet, consectetur adipiscing elit. Maecenas ac risus ut est accumsan cursus vel a justo. Suspendisse eleifend metus quis condimentum dictum. Praesent elementum dictum ante in euismod. Cras maximus arcu fringilla metus vulputate, a sollicitudin nisi eleifend. Integer at erat non quam malesuada efficitur lobortis in lacus. In maximus ut ex sed ultricies.', 'Lorem ipsum dolor sit amet, consectetur adipiscing elit. Maecenas ac risus ut est accumsan cursus vel a justo. Suspendisse eleifend metus quis condimentum dictum. Praesent elementum dictum ante in euismod. Cras maximus arcu fringilla metus vulputate, a sollicitudin nisi eleifend. Integer at erat non quam malesuada efficitur lobortis in lacus. In maximus ut ex sed ultricies.', 'Lorem ipsum dolor sit amet, consectetur adipiscing elit. Maecenas ac risus ut est accumsan cursus vel a justo. Suspendisse eleifend metus quis condimentum dictum. Praesent elementum dictum ante in euismod. Cras maximus arcu fringilla metus vulputate, a sollicitudin nisi eleifend. Integer at erat non quam malesuada efficitur lobortis in lacus. In maximus ut ex sed ultricies.', 'Lorem ipsum dolor sit amet, consectetur adipiscing elit. Maecenas ac risus ut est accumsan cursus vel a justo. Suspendisse eleifend metus quis condimentum dictum. Praesent elementum dictum ante in euismod. Cras maximus arcu fringilla metus vulputate, a sollicitudin nisi eleifend. Integer at erat non quam malesuada efficitur lobortis in lacus. In maximus ut ex sed ultricies.', 'Lorem ipsum dolor sit amet, consectetur adipiscing elit. Maecenas ac risus ut est accumsan cursus vel a justo. Suspendisse eleifend metus quis condimentum dictum. Praesent elementum dictum ante in euismod. Cras maximus arcu fringilla metus vulputate, a sollicitudin nisi eleifend. Integer at erat non quam malesuada efficitur lobortis in lacus. In maximus ut ex sed ultricies.', 'Lorem ipsum dolor sit amet, consectetur adipiscing elit. Maecenas ac risus ut est accumsan cursus vel a justo. Suspendisse eleifend metus quis condimentum dictum. Praesent elementum dictum ante in euismod. Cras maximus arcu fringilla metus vulputate, a sollicitudin nisi eleifend. Integer at erat non quam malesuada efficitur lobortis in lacus. In maximus ut ex sed ultricies.', 'Lorem ipsum dolor sit amet, consectetur adipiscing elit. Maecenas ac risus ut est accumsan cursus vel a justo. Suspendisse eleifend metus quis condimentum dictum. Praesent elementum dictum ante in euismod. Cras maximus arcu fringilla metus vulputate, a sollicitudin nisi eleifend. Integer at erat non quam malesuada efficitur lobortis in lacus. In maximus ut ex sed ultricies.', 'Lorem ipsum dolor sit amet, consectetur adipiscing elit. Maecenas ac risus ut est accumsan cursus vel a justo. Suspendisse eleifend metus quis condimentum dictum. Praesent elementum dictum ante in euismod. Cras maximus arcu fringilla metus vulputate, a sollicitudin nisi eleifend. Integer at erat non quam malesuada efficitur lobortis in lacus. In maximus ut ex sed ultricies.', 'test', 'test');
